{"id":7645,"date":"2019-08-22T22:43:27","date_gmt":"2019-08-22T17:43:27","guid":{"rendered":"http:\/\/www.fsf.si\/2019\/?page_id=7645"},"modified":"2022-10-19T08:45:21","modified_gmt":"2022-10-19T06:45:21","slug":"pogovori-z-ustvarjalci","status":"publish","type":"page","link":"https:\/\/fsf.si\/2022\/pogovori-z-ustvarjalci\/","title":{"rendered":"Pogovori z ustvarjalci"},"content":{"rendered":"<div class=\"vc_row wpb_row vc_row-fluid jury-team-item\" ><div class=\"wpb_column vc_column_container vc_col-sm-12\"><div class=\"vc_column-inner\"><div class=\"wpb_wrapper\">\n\t<div class=\"wpb_text_column wpb_content_element \" >\n\t\t<div class=\"wpb_wrapper\">\n\t\t\t<p><strong>POGOVORI Z USTVARJALCI &#8211; FSF 2022<\/strong><\/p>\n<p>Bela dvorana, Avditorij Portoro\u017e (pogovore bodo povezovali Denis Vali\u010d, Tina Poglajen in Toni Cahunek)<\/p>\n<p>&nbsp;<\/p>\n<p><strong>\u010cETRTEK, 27. 10.<\/strong><\/p>\n<p>10.00 \u2013 10.10 LEGENDA O ZLATOROGU, Lea Vu\u010dko, 13&#8242;, animirani (KF)<\/p>\n<p>10.15 \u2013 10.25 ALMA, NEUKLONLJIVA \u017dENSKA, Huiqin Wang, Andrej Kamnik, 11\u2019, animirani (KF)<\/p>\n<p>10.30 \u2013 10.40 OMA, Tadej \u010cater, 26\u2019, dokumentarni (KF)<\/p>\n<p>10.45 \u2013 10.55 \u017dOGE, Gorana Jovanovi\u0107, 22\u2019, dokumentarni (MSK)<\/p>\n<p>11.00 \u2013 11.25 ORKESTER, Matev\u017e Luzar, 111&#8242;, igrani (CF)<\/p>\n<p>11.30 \u2013 11.45 ILLYRICVM, Simon Bogojevi\u0107 Narath, 95&#8242;, igrani (MSK)<\/p>\n<p>11.50 &#8211; 12.15 PO\u0160VEDRANI KLAVIR, Miha Vipotnik, 86&#8242;, igrano dokumentarni (CF)<\/p>\n<p>&nbsp;<\/p>\n<p><strong>PETEK, 28. 10.<\/strong><\/p>\n<p>10.00 \u2013 10.15 TEKM\u00dcVANJE, Miha Mohori\u010d, 52\u2019, dokumentarni (SMF)<\/p>\n<p>10.20 \u2013 10.30 NEVIHTA, Anton Martin Emer\u0161i\u010d, 11&#8242;, igrani (KF)<\/p>\n<p>10.35 \u2013 10.45 OBZORNIK 670 &#8211; RDE\u010cI GOZDOVI, Nika Autor, 16&#8242;, eksperimentalni (KF)<\/p>\n<p>10.50 &#8211; 11.00 OTOKI, Anne Tassel, 5&#8242;, eksperimentalni (KF)<\/p>\n<p>11.05 &#8211; 11.15 TAKO SE JE KON\u010cALO POLETJE, Matja\u017e Ivani\u0161in, 12&#8242;, igrani (KF)<\/p>\n<p>11.20 &#8211; 11.30 RUMENE ZORE, Davorin Marc, 3&#8242;, eksperimentalni (KF)<\/p>\n<p>11.35 \u2013 12.00 VESOLJE MED NAMI, Rahela Jagri\u010d Pirc, 90\u2019, igrani (CF)<\/p>\n<p>12.05 \u2013 12.30 ENA ZA REKO: ZGODBA SAVE, Ro\u017ele Bregar, 84\u2019, dokumentarni (CF)<\/p>\n<p>12.35 \u2013 13.00 MOJA VESNA, Sara Kern, 80&#8242;, igrani (CF)<\/p>\n<p>13.05 \u2013 13.20 MINIMARKET 24\/7, Michael Borodin, 106\u2019, igrani (MSK)<\/p>\n<p>13.25 \u2013 13.50 SMU\u010cARSKE SANJE, Haidy Kancler, 83\u2019, dokumentarni (CF)<\/p>\n<p>&nbsp;<\/p>\n<p><strong>SOBOTA, 29. 10.<\/strong><\/p>\n<p>10.00 \u2013 10.15 DEKLICA JE POLETELA, Wilma Labate, 91\u2019, igrani (MSK)<\/p>\n<p>10.20 \u2013 10.30 A TI MENE VIDI\u0160?, Jan Cvitkovi\u010d, 15\u2019, igrani (KF)<\/p>\n<p>10.35 \u2013 10.45 KURENTOVA LUNA: RITUAL, Toma\u017e Gorki\u010d, 6\u2019, dokumentarni (KF)<\/p>\n<p>10.50 \u2013 11.00 ZDAJ LJUBI\u0160 SLOVENSKI FILM, Martin Srebotnjak, 7&#8242;, dokumentarni (KF)<\/p>\n<p>11.05 \u2013 11.15 PRAVA PEPELKA, Sara Bo\u017eani\u010d, 17&#8242;, animirani (KF)<\/p>\n<p>11.20 &#8211; 11.30 MI\u0160JA HI\u0160A, Timon Leder, 8&#8242;, animirani (KF)<\/p>\n<p>11.35 &#8211; 11.45 WWW.S-N-D.SI, Sara Bezov\u0161ek, 13&#8242;, eksperimentalni (KF)<\/p>\n<p>11.50 &#8211; 12.00 O DENARJU IN SRE\u010cI, Ana Nedeljkovi\u0107, Nikola Majdak, 10\u2019, animirani (KF)<\/p>\n<p>12.05 &#8211; 12.20 PRAPROT PANONSKIH POKRAJIN, Marko Cveji\u0107, 60&#8242;, dokumentarni (SMF)<\/p>\n<p>12.25 &#8211; 12.50 DEDEK GRE NA JUG, Vinci Vogue An\u017elovar, 103&#8242;, igrani (CF)<\/p>\n<p>12.55 \u2013 13.10 IZGINJANJE, Aleksandra Mra\u010dnikar, 98&#8242;, dokumentarni (MSK)<\/p>\n<p>13.15 \u2013 13.40 JEZDECA, Dominik Mencej, 107&#8242;, igrani (CF)<\/p>\n<p>&nbsp;<\/p>\n<p><strong>NEDELJA, 30. 10.<\/strong><\/p>\n<p>10.00 \u2013 10.15 INHUMANUM: UMOR, Igor Zup\u00e9, 47\u2019, dokumentarni (SMF)<\/p>\n<p>10.20 \u2013 10.35 MIZA, Neli Mara\u017e, 53&#8242;, dokumentarni (SMF)<\/p>\n<p>10.40 &#8211; 10.50 XX, Vasja Lebari\u010d, Julij Zornik, 9&#8242;, eksperimentalni (KF)<\/p>\n<p>10.55 &#8211; 11.05 X1-ESCHATON, Ju\u0161 Premrov, 7&#8242;, eksperimentalni (KF)<\/p>\n<p>11.10 &#8211; 11.20 ZA VOGALOM, Martin Turk, 13&#8242;, igrani (KF)<\/p>\n<p>11.25 \u2013 11.35 BIMBERLI, Rok Predin, 15&#8242;, animirani (KF)<\/p>\n<p>11.40 \u2013 11.50 TINE IN BINE, TIGRASTA KOMARJA; NA PLA\u017dI, Grega Mastnak, 2&#8242;, animirani (KF)<\/p>\n<p>11.55 &#8211; 12.20 KONOPLJA OSVOBAJA, Miha \u010celar, 81&#8242;, dokumentarni (CF)<\/p>\n<p>12.25 &#8211; 12.50 PTI\u010cAR, Robert \u010cernel\u010d, 84\u2019, igrani (CF)<\/p>\n<p>12.55 \u2013 13.10 ATLAS PTIC, Olmo Omerzu, 92&#8242;, igrani (MSK)<\/p>\n<p>13.15 \u2013 13.40 KAPA, Slobodan Maksimovi\u0107, 86\u2019, igrani (CF)<\/p>\n<p>13.45 &#8211; 14.00 RO\u017dNATA LUNA, Floor van der Meulen, 95&#8242;, igrani (MSK)<\/p>\n<p>14.05 \u2013 14.20 NAJSRE\u010cNEJ\u0160I \u010cLOVEK NA SVETU, Teona Strugar Mitevska, 95\u2019, igrani (MSK)<\/p>\n\n\t\t<\/div>\n\t<\/div>\n<\/div><\/div><\/div><\/div><div class=\"vc_row wpb_row vc_row-fluid jury-team-item\" ><div class=\"wpb_column vc_column_container vc_col-sm-12\"><div class=\"vc_column-inner\"><div class=\"wpb_wrapper\">\n\t<div class=\"wpb_text_column wpb_content_element \" >\n\t\t<div class=\"wpb_wrapper\">\n\t\t\t<p>POGOVORI Z USTVARJALCI TEKMOVALNIH \u201cFILMOV 30&#8243; BODO POTEKALI NEPOSREDNO PO PROJEKCIJAH IN PREDSTAVITVAH EKIP V GLEDALI\u0160\u010cU TARTINI <\/p>\n\n\t\t<\/div>\n\t<\/div>\n<\/div><\/div><\/div><\/div><div class=\"vc_row wpb_row vc_row-fluid vc_custom_1634112817119\" ><div class=\"wpb_column vc_column_container vc_col-sm-12\"><div class=\"vc_column-inner\"><div class=\"wpb_wrapper\">\n\t<div class=\"wpb_text_column wpb_content_element \" >\n\t\t<div class=\"wpb_wrapper\">\n\t\t\t<h2>Prenos v \u017eivo<\/h2>\n\n\t\t<\/div>\n\t<\/div>\n<\/div><\/div><\/div><\/div><div class=\"vc_row wpb_row vc_row-fluid\" ><div class=\"wpb_column vc_column_container vc_col-sm-12\"><div class=\"vc_column-inner\"><div class=\"wpb_wrapper\">\n\t<div class=\"wpb_raw_code wpb_content_element wpb_raw_html\" >\n\t\t<div class=\"wpb_wrapper\">\n\t\t\t<iframe width=\"854\" height=\"480\" src=\"https:\/\/video.arnes.si\/embed\/live\/0kwjbvzsr5qc\" frameborder=\"0\" webkitallowfullscreen=\"\" mozallowfullscreen=\"\" allowfullscreen=\"\"><\/iframe>\n\t\t<\/div>\n\t<\/div>\n<\/div><\/div><\/div><\/div>\n","protected":false},"excerpt":{"rendered":"POGOVORI Z USTVARJALCI - FSF 2022 Bela dvorana, Avditorij Portoro\u017e (pogovore bodo povezovali Denis Vali\u010d, Tina Poglajen [...]","protected":false},"author":1,"featured_media":0,"parent":0,"menu_order":0,"comment_status":"closed","ping_status":"closed","template":"","meta":[],"yoast_head":"<!-- This site is optimized with the Yoast SEO plugin v19.7.1 - https:\/\/yoast.com\/wordpress\/plugins\/seo\/ -->\n<title>Pogovori z ustvarjalci - FSF<\/title>\n<meta name=\"robots\" content=\"index, follow, max-snippet:-1, max-image-preview:large, max-video-preview:-1\" \/>\n<link rel=\"canonical\" href=\"https:\/\/fsf.si\/2022\/pogovori-z-ustvarjalci\/\" \/>\n<meta property=\"og:locale\" content=\"sl_SI\" \/>\n<meta property=\"og:type\" content=\"article\" \/>\n<meta property=\"og:title\" content=\"Pogovori z ustvarjalci - FSF\" \/>\n<meta property=\"og:url\" content=\"https:\/\/fsf.si\/2022\/pogovori-z-ustvarjalci\/\" \/>\n<meta property=\"og:site_name\" content=\"FSF\" \/>\n<meta property=\"article:modified_time\" content=\"2022-10-19T06:45:21+00:00\" \/>\n<meta name=\"twitter:card\" content=\"summary_large_image\" \/>\n<meta name=\"twitter:label1\" content=\"Est. reading time\" \/>\n\t<meta name=\"twitter:data1\" content=\"3 minute\" \/>\n<script type=\"application\/ld+json\" class=\"yoast-schema-graph\">{\"@context\":\"https:\/\/schema.org\",\"@graph\":[{\"@type\":\"WebPage\",\"@id\":\"https:\/\/fsf.si\/2022\/pogovori-z-ustvarjalci\/\",\"url\":\"https:\/\/fsf.si\/2022\/pogovori-z-ustvarjalci\/\",\"name\":\"Pogovori z ustvarjalci - FSF\",\"isPartOf\":{\"@id\":\"https:\/\/fsf.si\/2022\/#website\"},\"datePublished\":\"2019-08-22T17:43:27+00:00\",\"dateModified\":\"2022-10-19T06:45:21+00:00\",\"breadcrumb\":{\"@id\":\"https:\/\/fsf.si\/2022\/pogovori-z-ustvarjalci\/#breadcrumb\"},\"inLanguage\":\"sl-SI\",\"potentialAction\":[{\"@type\":\"ReadAction\",\"target\":[\"https:\/\/fsf.si\/2022\/pogovori-z-ustvarjalci\/\"]}]},{\"@type\":\"BreadcrumbList\",\"@id\":\"https:\/\/fsf.si\/2022\/pogovori-z-ustvarjalci\/#breadcrumb\",\"itemListElement\":[{\"@type\":\"ListItem\",\"position\":1,\"name\":\"Home\",\"item\":\"https:\/\/fsf.si\/2022\/\"},{\"@type\":\"ListItem\",\"position\":2,\"name\":\"Pogovori z ustvarjalci\"}]},{\"@type\":\"WebSite\",\"@id\":\"https:\/\/fsf.si\/2022\/#website\",\"url\":\"https:\/\/fsf.si\/2022\/\",\"name\":\"FSF\",\"description\":\"Festival Slovenskega Filma\",\"publisher\":{\"@id\":\"https:\/\/fsf.si\/2022\/#organization\"},\"potentialAction\":[{\"@type\":\"SearchAction\",\"target\":{\"@type\":\"EntryPoint\",\"urlTemplate\":\"https:\/\/fsf.si\/2022\/?s={search_term_string}\"},\"query-input\":\"required name=search_term_string\"}],\"inLanguage\":\"sl-SI\"},{\"@type\":\"Organization\",\"@id\":\"https:\/\/fsf.si\/2022\/#organization\",\"name\":\"Festival Slovenskega Filma\",\"url\":\"https:\/\/fsf.si\/2022\/\",\"sameAs\":[],\"logo\":{\"@type\":\"ImageObject\",\"inLanguage\":\"sl-SI\",\"@id\":\"https:\/\/fsf.si\/2022\/#\/schema\/logo\/image\/\",\"url\":\"https:\/\/fsf.si\/2022\/wp-content\/uploads\/2019\/06\/Slider-FSF.png\",\"contentUrl\":\"https:\/\/fsf.si\/2022\/wp-content\/uploads\/2019\/06\/Slider-FSF.png\",\"width\":4800,\"height\":1600,\"caption\":\"Festival Slovenskega Filma\"},\"image\":{\"@id\":\"https:\/\/fsf.si\/2022\/#\/schema\/logo\/image\/\"}}]}<\/script>\n<!-- \/ Yoast SEO plugin. -->","yoast_head_json":{"title":"Pogovori z ustvarjalci - FSF","robots":{"index":"index","follow":"follow","max-snippet":"max-snippet:-1","max-image-preview":"max-image-preview:large","max-video-preview":"max-video-preview:-1"},"canonical":"https:\/\/fsf.si\/2022\/pogovori-z-ustvarjalci\/","og_locale":"sl_SI","og_type":"article","og_title":"Pogovori z ustvarjalci - FSF","og_url":"https:\/\/fsf.si\/2022\/pogovori-z-ustvarjalci\/","og_site_name":"FSF","article_modified_time":"2022-10-19T06:45:21+00:00","twitter_card":"summary_large_image","twitter_misc":{"Est. reading time":"3 minute"},"schema":{"@context":"https:\/\/schema.org","@graph":[{"@type":"WebPage","@id":"https:\/\/fsf.si\/2022\/pogovori-z-ustvarjalci\/","url":"https:\/\/fsf.si\/2022\/pogovori-z-ustvarjalci\/","name":"Pogovori z ustvarjalci - FSF","isPartOf":{"@id":"https:\/\/fsf.si\/2022\/#website"},"datePublished":"2019-08-22T17:43:27+00:00","dateModified":"2022-10-19T06:45:21+00:00","breadcrumb":{"@id":"https:\/\/fsf.si\/2022\/pogovori-z-ustvarjalci\/#breadcrumb"},"inLanguage":"sl-SI","potentialAction":[{"@type":"ReadAction","target":["https:\/\/fsf.si\/2022\/pogovori-z-ustvarjalci\/"]}]},{"@type":"BreadcrumbList","@id":"https:\/\/fsf.si\/2022\/pogovori-z-ustvarjalci\/#breadcrumb","itemListElement":[{"@type":"ListItem","position":1,"name":"Home","item":"https:\/\/fsf.si\/2022\/"},{"@type":"ListItem","position":2,"name":"Pogovori z ustvarjalci"}]},{"@type":"WebSite","@id":"https:\/\/fsf.si\/2022\/#website","url":"https:\/\/fsf.si\/2022\/","name":"FSF","description":"Festival Slovenskega Filma","publisher":{"@id":"https:\/\/fsf.si\/2022\/#organization"},"potentialAction":[{"@type":"SearchAction","target":{"@type":"EntryPoint","urlTemplate":"https:\/\/fsf.si\/2022\/?s={search_term_string}"},"query-input":"required name=search_term_string"}],"inLanguage":"sl-SI"},{"@type":"Organization","@id":"https:\/\/fsf.si\/2022\/#organization","name":"Festival Slovenskega Filma","url":"https:\/\/fsf.si\/2022\/","sameAs":[],"logo":{"@type":"ImageObject","inLanguage":"sl-SI","@id":"https:\/\/fsf.si\/2022\/#\/schema\/logo\/image\/","url":"https:\/\/fsf.si\/2022\/wp-content\/uploads\/2019\/06\/Slider-FSF.png","contentUrl":"https:\/\/fsf.si\/2022\/wp-content\/uploads\/2019\/06\/Slider-FSF.png","width":4800,"height":1600,"caption":"Festival Slovenskega Filma"},"image":{"@id":"https:\/\/fsf.si\/2022\/#\/schema\/logo\/image\/"}}]}},"_links":{"self":[{"href":"https:\/\/fsf.si\/2022\/wp-json\/wp\/v2\/pages\/7645"}],"collection":[{"href":"https:\/\/fsf.si\/2022\/wp-json\/wp\/v2\/pages"}],"about":[{"href":"https:\/\/fsf.si\/2022\/wp-json\/wp\/v2\/types\/page"}],"author":[{"embeddable":true,"href":"https:\/\/fsf.si\/2022\/wp-json\/wp\/v2\/users\/1"}],"replies":[{"embeddable":true,"href":"https:\/\/fsf.si\/2022\/wp-json\/wp\/v2\/comments?post=7645"}],"version-history":[{"count":28,"href":"https:\/\/fsf.si\/2022\/wp-json\/wp\/v2\/pages\/7645\/revisions"}],"predecessor-version":[{"id":22864,"href":"https:\/\/fsf.si\/2022\/wp-json\/wp\/v2\/pages\/7645\/revisions\/22864"}],"wp:attachment":[{"href":"https:\/\/fsf.si\/2022\/wp-json\/wp\/v2\/media?parent=7645"}],"curies":[{"name":"wp","href":"https:\/\/api.w.org\/{rel}","templated":true}]}}