{"id":4662,"date":"2019-06-07T17:13:23","date_gmt":"2019-06-07T17:13:23","guid":{"rendered":"http:\/\/www.fsf.si\/2019\/?page_id=4662"},"modified":"2023-09-12T16:34:59","modified_gmt":"2023-09-12T14:34:59","slug":"zirija","status":"publish","type":"page","link":"https:\/\/fsf.si\/2023\/zirija\/","title":{"rendered":"Strokovna \u017eirija"},"content":{"rendered":"<div class=\"vc_row wpb_row vc_row-fluid\" ><div class=\"wpb_column vc_column_container vc_col-sm-12\"><div class=\"vc_column-inner\"><div class=\"wpb_wrapper\"><div class=\"vc_empty_space\"   style=\"height: 32px\"><span class=\"vc_empty_space_inner\"><\/span><\/div><div id=\"ts-vcsc-textillate-5202226\" class=\"ts-textillate   \" data-loop=\"false\" data-delay=\"100\" data-in-effect=\"ts-composer-css-bounce\" data-in-sync=\"false\" data-in-shuffle=\"false\" data-in-reverse=\"false\"  style=\"color: #000000 !important; font-size: 36px; line-height: 36px; font-weight: inherit; text-align: left; margin-top: 0px; margin-bottom: 0px;\">Strokovno \u017eirijo za celove\u010derne filme sestavljajo:<\/div><div class=\"vc_row wpb_row vc_inner vc_row-fluid jury-team-item\" ><div class=\"wpb_column vc_column_container vc_col-sm-3\"><div class=\"vc_column-inner\"><div class=\"wpb_wrapper\">\n\t<div  class=\"wpb_single_image wpb_content_element vc_align_left\">\n\t\t\n\t\t<figure class=\"wpb_wrapper vc_figure\">\n\t\t\t<div class=\"vc_single_image-wrapper vc_box_circle  vc_box_border_grey\"><img width=\"250\" height=\"250\" src=\"https:\/\/fsf.si\/2023\/wp-content\/uploads\/2023\/09\/1.jpg\" class=\"vc_single_image-img attachment-full\" alt=\"\" loading=\"lazy\" \/><\/div>\n\t\t<\/figure>\n\t<\/div>\n<\/div><\/div><\/div><div class=\"wpb_column vc_column_container vc_col-sm-9\"><div class=\"vc_column-inner\"><div class=\"wpb_wrapper\">\n\t<div class=\"wpb_text_column wpb_content_element \" >\n\t\t<div class=\"wpb_wrapper\">\n\t\t\t<h1>ANU\u0160A KODELJA<\/h1>\n<h2>dramska in filmska igralka<\/h2>\n<p style=\"text-align: justify;\">Anu\u0161a Kodelja se je po uspe\u0161no zaklju\u010denem \u0161tudiju dramske igre leta 2020 zaposlila v Slovenskem narodnem gledali\u0161\u010du Nova Gorica. Vzporedno je razvijala tudi svoje projekte ter sodelovala tako z neodvisno sceno kot s tujo produkcijo. Po dveh letih zaposlitve se je odlo\u010dila za samostojno pot. Na filmu se je prvi\u010d preizkusila \u017ee med \u0161tudijem s \u0161tevilnimi diplomskimi projekti, prvo vlogo v celove\u010dercu pa je odigrala v filmu Marka \u0160anti\u0107a Skupaj. Za vlogo celove\u010dernem filmu Prasica, slab\u0161alni izraz za \u017eensko je na Festivalu slovenskega filma v Portoro\u017eu leta 2021 prejela nagrado vesna za najbolj\u0161o stransko \u017eensko vlogo. Svoje filmske izku\u0161nje nadgrajuje tudi z izobra\u017eevanji, leta 2022 je bila sprejeta v program Sarajevo Talents in leto zatem v program ReActing as a star.<\/p>\n\n\t\t<\/div>\n\t<\/div>\n<\/div><\/div><\/div><\/div><div class=\"vc_row wpb_row vc_inner vc_row-fluid jury-team-item\" ><div class=\"wpb_column vc_column_container vc_col-sm-3\"><div class=\"vc_column-inner\"><div class=\"wpb_wrapper\">\n\t<div  class=\"wpb_single_image wpb_content_element vc_align_left\">\n\t\t\n\t\t<figure class=\"wpb_wrapper vc_figure\">\n\t\t\t<div class=\"vc_single_image-wrapper vc_box_circle  vc_box_border_grey\"><img width=\"250\" height=\"250\" src=\"https:\/\/fsf.si\/2023\/wp-content\/uploads\/2023\/09\/MRACNIK.jpg\" class=\"vc_single_image-img attachment-full\" alt=\"\" loading=\"lazy\" \/><\/div>\n\t\t<\/figure>\n\t<\/div>\n<\/div><\/div><\/div><div class=\"wpb_column vc_column_container vc_col-sm-9\"><div class=\"vc_column-inner\"><div class=\"wpb_wrapper\">\n\t<div class=\"wpb_text_column wpb_content_element \" >\n\t\t<div class=\"wpb_wrapper\">\n\t\t\t<h1>ANDRINA MRA\u010cNIKAR<\/h1>\n<h2>re\u017eiserka in scenaristka<\/h2>\n<p style=\"text-align: justify;\">Andrina Mra\u010dnikar (1981) je \u0161tudirala umetnostno zgodovino na Dunaju, filmsko re\u017eijo na AGRFT v Ljubljani ter na Filmski akademiji na Dunaju, kjer je leta 2010 z odliko zaklju\u010dila \u0161tudij re\u017eije pri Michaelu Hanekeju in \u0161tudij scenaristike in dramaturgije pri Walterju Wippersbergu. Njen celove\u010derni igrani prvenec Ma Folie (2015) je bil prikazan na \u0161tevilnih mednarodnih festivalih in osvojil mnoga priznanja. Njen dokumentarec Izginjanje (2022) po filmih Andri 1924\u20131944 in Der K\u00e4rntner spricht Deutsch\/Koro\u0161ec govori nem\u0161ko predstavlja tretji del trilogije o zgodovini in prihodnosti slovenske narodne skupnosti na Koro\u0161kem. Prejel je \u0161tevilne nagrade, med drugim vesno za posebne dose\u017eke na Festivalu slovenskega filma Portoro\u017e. Andrina Mra\u010dnikar \u017eivi in dela na Dunaju.<\/p>\n\n\t\t<\/div>\n\t<\/div>\n<\/div><\/div><\/div><\/div><div class=\"vc_row wpb_row vc_inner vc_row-fluid jury-team-item\" ><div class=\"wpb_column vc_column_container vc_col-sm-3\"><div class=\"vc_column-inner\"><div class=\"wpb_wrapper\">\n\t<div  class=\"wpb_single_image wpb_content_element vc_align_left\">\n\t\t\n\t\t<figure class=\"wpb_wrapper vc_figure\">\n\t\t\t<div class=\"vc_single_image-wrapper vc_box_circle  vc_box_border_grey\"><img width=\"250\" height=\"250\" src=\"https:\/\/fsf.si\/2023\/wp-content\/uploads\/2023\/09\/sturm.jpg\" class=\"vc_single_image-img attachment-full\" alt=\"\" loading=\"lazy\" \/><\/div>\n\t\t<\/figure>\n\t<\/div>\n<\/div><\/div><\/div><div class=\"wpb_column vc_column_container vc_col-sm-9\"><div class=\"vc_column-inner\"><div class=\"wpb_wrapper\">\n\t<div class=\"wpb_text_column wpb_content_element \" >\n\t\t<div class=\"wpb_wrapper\">\n\t\t\t<h1>ANA \u0160TURM<\/h1>\n<h2>filmska kriti\u010darka in publicistka, odgovorna urednica revije Ekran<\/h2>\n<p style=\"text-align: justify;\">Diplomirana zgodovinarka in sociologinja, najraje vsakdanjega \u017eivljenja, ter magistra filmskih in televizijskih \u0161tudijev. Filmska gledalka, kriti\u010darka in kuratorka. Alumna programa Talents za perspektivne mlade filmske kritike v Berlinu in Sarajevu. Od leta 2023 s Sarajevskim filmskim festivalom sodeluje tudi kot ena od mentoric programa Talents Press. Kot \u010dlanica mednarodnega zdru\u017eenja filmskih kritikov in kriti\u010dark (FIPRESCI) je sodelovala v \u0161tevilnih \u017eirijah, med drugim na festivalih v Berlinu, Rotterdamu, Karlovih Varih in Annecyju. Trenutno je odgovorna urednica revije za film in televizijo Ekran ter doktorska kandidatka na Akademiji za gledali\u0161\u010de, radio, film in televizijo (AGRFT).<\/p>\n\n\t\t<\/div>\n\t<\/div>\n<\/div><\/div><\/div><\/div><div class=\"vc_empty_space\"   style=\"height: 32px\"><span class=\"vc_empty_space_inner\"><\/span><\/div><div class=\"vc_empty_space\"   style=\"height: 32px\"><span class=\"vc_empty_space_inner\"><\/span><\/div><div id=\"ts-vcsc-textillate-2691802\" class=\"ts-textillate   \" data-loop=\"false\" data-delay=\"100\" data-in-effect=\"ts-composer-css-bounce\" data-in-sync=\"false\" data-in-shuffle=\"false\" data-in-reverse=\"false\"  style=\"color: #000000 !important; font-size: 31px; line-height: 31px; font-weight: inherit; text-align: left; margin-top: 0px; margin-bottom: 0px;\">Strokovno \u017eirijo za kratke igrane, dokumentarne, eksperimentalne, animirane in \u0161tudijske filme sestavljajo:<\/div><div class=\"vc_row wpb_row vc_inner vc_row-fluid jury-team-item\" ><div class=\"wpb_column vc_column_container vc_col-sm-3\"><div class=\"vc_column-inner\"><div class=\"wpb_wrapper\">\n\t<div  class=\"wpb_single_image wpb_content_element vc_align_left\">\n\t\t\n\t\t<figure class=\"wpb_wrapper vc_figure\">\n\t\t\t<div class=\"vc_single_image-wrapper vc_box_circle  vc_box_border_grey\"><img width=\"250\" height=\"250\" src=\"https:\/\/fsf.si\/2023\/wp-content\/uploads\/2023\/09\/kastelic.jpg\" class=\"vc_single_image-img attachment-full\" alt=\"\" loading=\"lazy\" \/><\/div>\n\t\t<\/figure>\n\t<\/div>\n<\/div><\/div><\/div><div class=\"wpb_column vc_column_container vc_col-sm-9\"><div class=\"vc_column-inner\"><div class=\"wpb_wrapper\">\n\t<div class=\"wpb_text_column wpb_content_element \" >\n\t\t<div class=\"wpb_wrapper\">\n\t\t\t<h1>DU\u0160AN KASTELIC<\/h1>\n<h2>ustvarjalec animiranih filmov<\/h2>\n<p style=\"text-align: justify;\">Du\u0161an Kastelic (1964) je zgodaj pokazal zanimanje za risanje in pripovedovanje zgodb. \u017de kot srednje\u0161olec je objavljal stripe v jugoslovanskih mladinskih revijah, med \u0161tudijem pa se je \u017ee pre\u017eivljal kot ilustrator. Nekaj let je bil zaposlen kot grafi\u010dni oblikovalec, od leta 1992 pa je imel status samostojnega kulturnika kot stripar in ilustrator. Ob prelomu tiso\u010dletja ustanovil In\u0161titut za animacijo Bugbrain, kjer s sodelavci ustvarja avtorske animirane filme in ra\u010dunalni\u0161ke igre. Njegove filme so predvajali na ve\u010d kot 300 festivalih po svetu, zanje je prejel preko 100 nagrad in priznanj doma in v tujini, med drugim tudi dve vesni za najbolj\u0161i animirani film. Zadnja leta pou\u010duje ra\u010dunalni\u0161ko animacijo na Akademiji umetnosti v Novi Gorici.<\/p>\n\n\t\t<\/div>\n\t<\/div>\n<\/div><\/div><\/div><\/div><div class=\"vc_row wpb_row vc_inner vc_row-fluid jury-team-item\" ><div class=\"wpb_column vc_column_container vc_col-sm-3\"><div class=\"vc_column-inner\"><div class=\"wpb_wrapper\">\n\t<div  class=\"wpb_single_image wpb_content_element vc_align_left\">\n\t\t\n\t\t<figure class=\"wpb_wrapper vc_figure\">\n\t\t\t<div class=\"vc_single_image-wrapper vc_box_circle  vc_box_border_grey\"><img width=\"250\" height=\"250\" src=\"https:\/\/fsf.si\/2023\/wp-content\/uploads\/2023\/09\/kriznar.jpg\" class=\"vc_single_image-img attachment-full\" alt=\"\" loading=\"lazy\" \/><\/div>\n\t\t<\/figure>\n\t<\/div>\n<\/div><\/div><\/div><div class=\"wpb_column vc_column_container vc_col-sm-9\"><div class=\"vc_column-inner\"><div class=\"wpb_wrapper\">\n\t<div class=\"wpb_text_column wpb_content_element \" >\n\t\t<div class=\"wpb_wrapper\">\n\t\t\t<h1>NA\u0160KO KRI\u017dNAR<\/h1>\n<h2>vizualni antropolog in cineast<\/h2>\n<p style=\"text-align: justify;\">Na\u0161ko Kri\u017enar (1943) je v \u010dasu \u0161tudija etnologije in arheologije na Filozofski fakulteti v Ljubljani pri\u0161el v stik z amaterskim filmom. Leta 1963 se je pridru\u017eil skupini OHO in sodeloval z njo do leta 1970 kot re\u017eiser in snemalec, soustvarjalec projektov in happeningov ter kot pisec topografske poezije. Vse do upokojitve leta 2012 je bil zaposlen pri Znanstvenoraziskovalnem centru SAZU kot soustanovitelj in vodja Avdiovizualnega laboratorija. Za svoje delo na podro\u010dju etnologije in etnografskega filma je prejel Murkovo nagrado Slovenskega etnolo\u0161kega dru\u0161tva za leto 2003, za poljudno znanstveni film Pi\u0161\u010dalka pa nagrado za najbolj\u0161i kratki film na Festivalu slovenskega filma v Portoro\u017eu leta 2001 in na mednarodnem festivalu arheolo\u0161kega filma Cinarchea v Kielu leta 2002. Letos mu je Zdru\u017eenje filmskih snemalcev podelilo stanovsko nagrado IRIS za \u017eivljenjsko delo. Je \u010dastni \u010dlan ZRC SAZU. \u017divi v Kranju.<\/p>\n\n\t\t<\/div>\n\t<\/div>\n<\/div><\/div><\/div><\/div><div class=\"vc_row wpb_row vc_inner vc_row-fluid jury-team-item\" ><div class=\"wpb_column vc_column_container vc_col-sm-3\"><div class=\"vc_column-inner\"><div class=\"wpb_wrapper\">\n\t<div  class=\"wpb_single_image wpb_content_element vc_align_left\">\n\t\t\n\t\t<figure class=\"wpb_wrapper vc_figure\">\n\t\t\t<div class=\"vc_single_image-wrapper vc_box_circle  vc_box_border_grey\"><img width=\"250\" height=\"250\" src=\"https:\/\/fsf.si\/2023\/wp-content\/uploads\/2023\/09\/sojat.jpg\" class=\"vc_single_image-img attachment-full\" alt=\"\" loading=\"lazy\" \/><\/div>\n\t\t<\/figure>\n\t<\/div>\n<\/div><\/div><\/div><div class=\"wpb_column vc_column_container vc_col-sm-9\"><div class=\"vc_column-inner\"><div class=\"wpb_wrapper\">\n\t<div class=\"wpb_text_column wpb_content_element \" >\n\t\t<div class=\"wpb_wrapper\">\n\t\t\t<h1>VLADIMIR \u0160OJAT<\/h1>\n<h2>filmski producent, monta\u017eer in video umetnik<\/h2>\n<p style=\"text-align: justify;\">Vladimir \u0160ojat je ustanovitelj umetni\u0161ke skupine artterror (1989), v okviru katere je v zadnjih 35 letih prikazal filme in video dela v MoMA PS1 The Kitchen (New York), Centre Georges Pompidou (Pariz), Bauhaus (Dessau), ICA (San Francisco) itd., kot tudi na \u0161tevilnih filmskih in video festivalih. V okviru svoje produkcijske hi\u0161e Frakcija je ustvaril ve\u010d deset dokumentarnih in eksperimentalnih filmov. Je tudi pobudnik filmske delavnice KINOAKTIV, ki deluje v okviru Dru\u0161tva Slovencev SAVA v Beogradu. Obenem je selektor vsakoletnih Dnevov slovenskega filma, ki med drugim vsako leto v ve\u010d mestih po Srbiji afirmirajo kratke in eksperimentalne filme slovenske produkcije. \u0160ojat se ukvarja tudi s teorijo filma.<\/p>\n\n\t\t<\/div>\n\t<\/div>\n<\/div><\/div><\/div><\/div><div class=\"vc_empty_space\"   style=\"height: 32px\"><span class=\"vc_empty_space_inner\"><\/span><\/div><\/div><\/div><\/div><\/div><div class=\"vc_row wpb_row vc_row-fluid\" ><div class=\"wpb_column vc_column_container vc_col-sm-12\"><div class=\"vc_column-inner\"><div class=\"wpb_wrapper\">\n\t<div class=\"wpb_text_column wpb_content_element \" >\n\t\t<div class=\"wpb_wrapper\">\n\t\t\t<h5>NAGRADA OB\u010cINSTVA<\/h5>\n<p>O najbolj\u0161em celove\u010dernem filmu po izboru ob\u010dinstva odlo\u010dajo neposredno gledalci z glasovanjem, katerega postopek natan\u010dneje dolo\u010da Pravilnik o Festivalu slovenskega filma. Nagrada je namenjena producentu.<\/p>\n<h5>Nagrada Iridium za najbolj\u0161o re\u017eijo celove\u010dernega prvenca<\/h5>\n<p>Nagrada IRIDIUM v vrednosti 5.000 EUR za postprodukcijske storitve se podeli re\u017eiserju najbolj\u0161ega celove\u010dernega prvenca.<\/p>\n<p>&nbsp;<\/p>\n<h5>Nagrada Dru\u0161tva slovenskih filmskih publicistov<\/h5>\n<p>Dru\u0161tvo slovenskih filmskih publicistov FIPRESCI nagrado za najbolj\u0161i slovenski celove\u010derni film v tekmovalnem programu Festivala slovenskega filma Portoro\u017e podeljuje s ciljem dodatne promocije filmske umetnosti, predvsem mladih in\/ali prodornih avtorjev in avtoric.<\/p>\n<p>&nbsp;<\/p>\n<h5>\u010clani \u017eirije za nagrado Dru\u0161tva slovenskih filmskih publicistov<strong>\u00a0<\/strong><\/h5>\n<p><strong>Ivana Novak<\/strong><\/p>\n<p>Ivana Novak je po izobrazbi kulturologinja. Po zaklju\u010dku \u0161tudija na Fakulteti za dru\u017ebene vede je delovala kot filmska kriti\u010darka s statusom samozaposlene v kulturi. Prispevke o filmu in popularni kulturi je objavljala v medijih Delo, Ekran, Kinote\u010dnik, KINO! in drugje in bila aktivna v Slovenski kinoteki, kjer se je ukvarjala z organizacijo konferenc in urejanjem zbornikov filmske teorije. Od leta 2014 je zaposlena kot filmska selektorica na Televiziji Slovenija, od letos pa tudi kot voditeljica oddaje Televizorka. Je dolgoletna \u010dlanica uredni\u0161tva revije Ekran, za katero redno pi\u0161e. Ukvarja se tudi z glasbeno produkcijo, skladanjem pesmi in igranjem klavirja.<\/p>\n<p>&nbsp;<\/p>\n<p><strong>Neva Mu\u017ei\u010d<\/strong><\/p>\n<p>Neva Mu\u017ei\u010d se je po slu\u017ebi v Pionirskem domu na oddelku\u00a0za filmsko vzgojo zaposlila pri Vesna filmu. V svoji karieri se je poglobljeno ukvarjala s\u00a0\u0161tudijem francoskega novega vala in filmske zgodovine v pari\u0161ki\u00a0Kinoteki, ve\u010d let je sodelovala\u00a0z revijo Ekran ter pisala za radijsko oddajo Gremo v kino. Redno se je udele\u017eevala svetovnih filmskih festivalov v Benetkah, Locarnu, Krakovu in Pulju. V Cankarjevem domu je organizirala prvi mednarodni festival o naravi in\u00a0kulturi ter pripravila revijo glasbenega in dru\u017ebeno\u00a0anga\u017eiranega filma. Vrsto let je bila tudi del programskega sveta Slovenske kinoteke, \u010dlanica odbora za podeljevanje Badjurovih nagrad, Pre\u0161ernove nagrade za filmsko podro\u010dje ter delegatka v Kulturni skupnosti in v Skup\u0161\u010dini RS.<\/p>\n<p>&nbsp;<\/p>\n<p><strong>Melita Zajc<\/strong><\/p>\n<p>Melita Zajc je filmska publicistka, raziskovalka in predavateljica. Stalna sodelavka revij Ekran in\u00a0KINO! ter vodilne evropske revije o dokumentarnem filmu Modern Times Review. Bila je novinarka in urednica tiskanih, radiodifuznih in\u00a0digitalnih medijev. Doktorirala je iz socialne antropologije in filozofije novih medijev. Raziskuje vizualno umetnost in alternativne\u00a0filmske poetike, tretji film, dekolonizacijo, nigerijski video film, pa tudi inovativne poslovne modele. Od leta 2019 sodeluje s Conseil International du Cin\u00e9ma et de la T\u00e9l\u00e9vision CICT ICFT\u00a0UNESCO. Je \u010dlanica dru\u0161tva filmskih kritikov FIPRESCI in aktivna sodelavka\u00a0svetovnega zdru\u017eenja raziskovalcev dokumentarnega filma Visible evidence.<\/p>\n<p>&nbsp;<\/p>\n<h5>Nagrada Art kino mre\u017ee Slovenije<\/h5>\n<p>Nagrada zdru\u017eenja prikazovalcev kvalitetnega in umetni\u0161kega filma omogo\u010da prikazovanje in promocijo izbranega celove\u010dernega filma po 28 mestnih kinematografih po Sloveniji. \u017dirijo sestavljajo: <strong>Ne\u017ea Me\u017ean <\/strong>(Mestni kino Dom\u017eale), <strong>Erik Toth <\/strong>(Art kino Odeon Izola) in<strong> Uro\u0161 Zavodnik <\/strong>(Kino Slovenj Gradec \/ Kulturni dom Slovenj Gradec).<\/p>\n<p>&nbsp;<\/p>\n<p><strong>Ne\u017ea Me\u017ean<\/strong> z Mestnim kinom Dom\u017eale sodeluje \u017ee od samega za\u010detka. Kot veliki filmski navdu\u0161enki ji je tako omogo\u010den skorajda vsakodneven stik s filmskimi vsebinami in filmi slovenske produkcije. Prav zaradi kvalitetnih filmov, ki si jih je lahko ogledala v \u00bbdoma\u010dem\u00ab kinu, je pri\u010dela razvijati svoj kriti\u010dni pogled, ki ga je izpopolnjevala tudi na delavnici filmske kritike pod mentorstvom Matica Majcna. Kot prevajalka tudi podnaslavlja filme ter tako utrjuje svoj odnos do filmov tudi z bolj tehni\u010dnega vidika. Sodeluje tudi pri filmskih pogovorih v Mestnem kinu Dom\u017eale.<\/p>\n<p>&nbsp;<\/p>\n<p><strong>Erik Toth<\/strong> je dolgoletni programski vodja Art kina Odeon Izola ter koordinator in organizator kulturnih prireditev Centra za kulturo, \u0161port in prireditve Izola. \u017de ve\u010d let se trudi pribli\u017eati kulturo, predvsem filmsko, \u0161ir\u0161i izolski in obalni publiki. Doslej je vzpostavil \u017ee tri projekte filmske vzgoje za vrtce, osnovne \u0161ole in \u0161tudente. In \u010de \u0161e ni o\u010ditno \u2013 obo\u017euje film.<\/p>\n<p>&nbsp;<\/p>\n<p><strong>Uro\u0161 Zavodnik<\/strong> je svobodni umetnik, samozaposlen v kulturi, re\u017eiser, scenarist, igralec, avtor razli\u010dnih igranih in dokumentarnih filmov. Filmsko umetnost je \u0161tudiral v Avstriji ter v povezavi z AGRFT doktoriral v Ljubljani. Je \u010dlan Igralskega studia Bratov Vajevec. Tudi poet, fotograf, v mladosti glasbenik. Filmsko umetnost in fotografijo tudi predava, je docent za predmetno podro\u010dje &#8216;vizualna umetnost \u2013 film in fotografija&#8217; na Univerzi v Mariboru in Akademiji za ples AMEU. Ve\u010d let sodeluje z Art kino mre\u017eo Slovenije, natan\u010dneje s Kinom Slovenj Gradec, pri filmskem izobra\u017eevanju mlade in starej\u0161e cineasti\u010dne publike.<\/p>\n\n\t\t<\/div>\n\t<\/div>\n<\/div><\/div><\/div><\/div>\n","protected":false},"excerpt":{"rendered":"Strokovno \u017eirijo za celove\u010derne filme sestavljajo: ANU\u0160A KODELJA dramska in filmska igralka Anu\u0161a Kodelja se je po [...]","protected":false},"author":1,"featured_media":0,"parent":0,"menu_order":0,"comment_status":"closed","ping_status":"closed","template":"","meta":[],"acf":[],"yoast_head":"<!-- This site is optimized with the Yoast SEO plugin v19.7.1 - https:\/\/yoast.com\/wordpress\/plugins\/seo\/ -->\n<title>Strokovna \u017eirija - FSF<\/title>\n<meta name=\"robots\" content=\"index, follow, max-snippet:-1, max-image-preview:large, max-video-preview:-1\" \/>\n<link rel=\"canonical\" href=\"https:\/\/fsf.si\/2023\/zirija\/\" \/>\n<meta property=\"og:locale\" content=\"sl_SI\" \/>\n<meta property=\"og:type\" content=\"article\" \/>\n<meta property=\"og:title\" content=\"Strokovna \u017eirija - FSF\" \/>\n<meta property=\"og:url\" content=\"https:\/\/fsf.si\/2023\/zirija\/\" \/>\n<meta property=\"og:site_name\" content=\"FSF\" \/>\n<meta property=\"article:modified_time\" content=\"2023-09-12T14:34:59+00:00\" \/>\n<meta name=\"twitter:card\" content=\"summary_large_image\" \/>\n<meta name=\"twitter:label1\" content=\"Est. reading time\" \/>\n\t<meta name=\"twitter:data1\" content=\"9 minut\" \/>\n<script type=\"application\/ld+json\" class=\"yoast-schema-graph\">{\"@context\":\"https:\/\/schema.org\",\"@graph\":[{\"@type\":\"WebPage\",\"@id\":\"https:\/\/fsf.si\/2023\/zirija\/\",\"url\":\"https:\/\/fsf.si\/2023\/zirija\/\",\"name\":\"Strokovna \u017eirija - FSF\",\"isPartOf\":{\"@id\":\"https:\/\/fsf.si\/2023\/#website\"},\"datePublished\":\"2019-06-07T17:13:23+00:00\",\"dateModified\":\"2023-09-12T14:34:59+00:00\",\"breadcrumb\":{\"@id\":\"https:\/\/fsf.si\/2023\/zirija\/#breadcrumb\"},\"inLanguage\":\"sl-SI\",\"potentialAction\":[{\"@type\":\"ReadAction\",\"target\":[\"https:\/\/fsf.si\/2023\/zirija\/\"]}]},{\"@type\":\"BreadcrumbList\",\"@id\":\"https:\/\/fsf.si\/2023\/zirija\/#breadcrumb\",\"itemListElement\":[{\"@type\":\"ListItem\",\"position\":1,\"name\":\"Home\",\"item\":\"https:\/\/fsf.si\/2023\/\"},{\"@type\":\"ListItem\",\"position\":2,\"name\":\"Strokovna \u017eirija\"}]},{\"@type\":\"WebSite\",\"@id\":\"https:\/\/fsf.si\/2023\/#website\",\"url\":\"https:\/\/fsf.si\/2023\/\",\"name\":\"FSF\",\"description\":\"Festival Slovenskega Filma\",\"publisher\":{\"@id\":\"https:\/\/fsf.si\/2023\/#organization\"},\"potentialAction\":[{\"@type\":\"SearchAction\",\"target\":{\"@type\":\"EntryPoint\",\"urlTemplate\":\"https:\/\/fsf.si\/2023\/?s={search_term_string}\"},\"query-input\":\"required name=search_term_string\"}],\"inLanguage\":\"sl-SI\"},{\"@type\":\"Organization\",\"@id\":\"https:\/\/fsf.si\/2023\/#organization\",\"name\":\"Festival Slovenskega Filma\",\"url\":\"https:\/\/fsf.si\/2023\/\",\"sameAs\":[],\"logo\":{\"@type\":\"ImageObject\",\"inLanguage\":\"sl-SI\",\"@id\":\"https:\/\/fsf.si\/2023\/#\/schema\/logo\/image\/\",\"url\":\"https:\/\/fsf.si\/2023\/wp-content\/uploads\/2019\/06\/Slider-FSF.png\",\"contentUrl\":\"https:\/\/fsf.si\/2023\/wp-content\/uploads\/2019\/06\/Slider-FSF.png\",\"width\":4800,\"height\":1600,\"caption\":\"Festival Slovenskega Filma\"},\"image\":{\"@id\":\"https:\/\/fsf.si\/2023\/#\/schema\/logo\/image\/\"}}]}<\/script>\n<!-- \/ Yoast SEO plugin. -->","yoast_head_json":{"title":"Strokovna \u017eirija - FSF","robots":{"index":"index","follow":"follow","max-snippet":"max-snippet:-1","max-image-preview":"max-image-preview:large","max-video-preview":"max-video-preview:-1"},"canonical":"https:\/\/fsf.si\/2023\/zirija\/","og_locale":"sl_SI","og_type":"article","og_title":"Strokovna \u017eirija - FSF","og_url":"https:\/\/fsf.si\/2023\/zirija\/","og_site_name":"FSF","article_modified_time":"2023-09-12T14:34:59+00:00","twitter_card":"summary_large_image","twitter_misc":{"Est. reading time":"9 minut"},"schema":{"@context":"https:\/\/schema.org","@graph":[{"@type":"WebPage","@id":"https:\/\/fsf.si\/2023\/zirija\/","url":"https:\/\/fsf.si\/2023\/zirija\/","name":"Strokovna \u017eirija - FSF","isPartOf":{"@id":"https:\/\/fsf.si\/2023\/#website"},"datePublished":"2019-06-07T17:13:23+00:00","dateModified":"2023-09-12T14:34:59+00:00","breadcrumb":{"@id":"https:\/\/fsf.si\/2023\/zirija\/#breadcrumb"},"inLanguage":"sl-SI","potentialAction":[{"@type":"ReadAction","target":["https:\/\/fsf.si\/2023\/zirija\/"]}]},{"@type":"BreadcrumbList","@id":"https:\/\/fsf.si\/2023\/zirija\/#breadcrumb","itemListElement":[{"@type":"ListItem","position":1,"name":"Home","item":"https:\/\/fsf.si\/2023\/"},{"@type":"ListItem","position":2,"name":"Strokovna \u017eirija"}]},{"@type":"WebSite","@id":"https:\/\/fsf.si\/2023\/#website","url":"https:\/\/fsf.si\/2023\/","name":"FSF","description":"Festival Slovenskega Filma","publisher":{"@id":"https:\/\/fsf.si\/2023\/#organization"},"potentialAction":[{"@type":"SearchAction","target":{"@type":"EntryPoint","urlTemplate":"https:\/\/fsf.si\/2023\/?s={search_term_string}"},"query-input":"required name=search_term_string"}],"inLanguage":"sl-SI"},{"@type":"Organization","@id":"https:\/\/fsf.si\/2023\/#organization","name":"Festival Slovenskega Filma","url":"https:\/\/fsf.si\/2023\/","sameAs":[],"logo":{"@type":"ImageObject","inLanguage":"sl-SI","@id":"https:\/\/fsf.si\/2023\/#\/schema\/logo\/image\/","url":"https:\/\/fsf.si\/2023\/wp-content\/uploads\/2019\/06\/Slider-FSF.png","contentUrl":"https:\/\/fsf.si\/2023\/wp-content\/uploads\/2019\/06\/Slider-FSF.png","width":4800,"height":1600,"caption":"Festival Slovenskega Filma"},"image":{"@id":"https:\/\/fsf.si\/2023\/#\/schema\/logo\/image\/"}}]}},"_links":{"self":[{"href":"https:\/\/fsf.si\/2023\/wp-json\/wp\/v2\/pages\/4662"}],"collection":[{"href":"https:\/\/fsf.si\/2023\/wp-json\/wp\/v2\/pages"}],"about":[{"href":"https:\/\/fsf.si\/2023\/wp-json\/wp\/v2\/types\/page"}],"author":[{"embeddable":true,"href":"https:\/\/fsf.si\/2023\/wp-json\/wp\/v2\/users\/1"}],"replies":[{"embeddable":true,"href":"https:\/\/fsf.si\/2023\/wp-json\/wp\/v2\/comments?post=4662"}],"version-history":[{"count":83,"href":"https:\/\/fsf.si\/2023\/wp-json\/wp\/v2\/pages\/4662\/revisions"}],"predecessor-version":[{"id":24169,"href":"https:\/\/fsf.si\/2023\/wp-json\/wp\/v2\/pages\/4662\/revisions\/24169"}],"wp:attachment":[{"href":"https:\/\/fsf.si\/2023\/wp-json\/wp\/v2\/media?parent=4662"}],"curies":[{"name":"wp","href":"https:\/\/api.w.org\/{rel}","templated":true}]}}