{"id":4718,"date":"2019-06-11T11:17:21","date_gmt":"2019-06-11T11:17:21","guid":{"rendered":"http:\/\/www.fsf.si\/2019\/?page_id=4718"},"modified":"2023-09-23T17:07:47","modified_gmt":"2023-09-23T15:07:47","slug":"prevozi","status":"publish","type":"page","link":"https:\/\/fsf.si\/2023\/prevozi\/","title":{"rendered":"Prevozi"},"content":{"rendered":"<div class=\"vc_row wpb_row vc_row-fluid jury-team-item\" ><div class=\"wpb_column vc_column_container vc_col-sm-12\"><div class=\"vc_column-inner\"><div class=\"wpb_wrapper\">\n\t<div class=\"wpb_text_column wpb_content_element \" >\n\t\t<div class=\"wpb_wrapper\">\n\t\t\t<p style=\"text-align: justify;\"><strong>Kolesa<\/strong><\/p>\n<p style=\"text-align: justify;\">Za la\u017eje prehajanje med prizori\u0161\u010di je akreditiranim gostom na voljo nekaj koles. Kolesa prevzamete z osebnim dokumentom na info to\u010dki festivala, kamor jih po ogledu filma tudi vrnete.<\/p>\n<p style=\"text-align: justify;\"><strong>Avtobusni prevozi<\/strong><\/p>\n<p style=\"text-align: justify;\">Uporabite lahko tudi <a href=\"https:\/\/www.portoroz.si\/si\/nacrtuj\/prevozi-na-destinaciji\/javni-prevoz\" target=\"_blank\" rel=\"noopener\">redno avtobusno linijo Portoro\u017e \u2013 Piran<\/a>, ki vas pripelje do Avditorija Portoro\u017e (postajali\u0161\u010de ob trgovini Mercator) in Razstavi\u0161\u010da Monfort (postajali\u0161\u010de pri bencinski \u010drpalki). Za avtobusno vozovnico, ki jo lahko kupite na kartomatih, v Trafikah 3DVA in na Po\u0161ti Slovenije, boste od\u0161teli 1,5 evra. Za enostavnje\u0161e pla\u010dilo vo\u017eenj in informacije o prihodih avtobustov si nalo\u017eite aplikacijo Arriva Piran (v <a href=\"https:\/\/play.google.com\/store\/apps\/details?id=com.margento.piran&amp;hl=en&amp;pli=1\" target=\"_blank\" rel=\"noopener\">Google Play<\/a> in <a href=\"https:\/\/apps.apple.com\/si\/app\/arriva-piran\/id1504845616\" target=\"_blank\" rel=\"noopener\">App Store<\/a>). Pla\u010dilo avtobusnega prevoza lahko poravnate tudi na avtobusih z brezkontaktnimi kreditnimi karticami, ni pa mo\u017eno pla\u010dilo vozovnice z gotovino.<\/p>\n<p>\u00a0<\/p>\n\n\t\t<\/div>\n\t<\/div>\n<\/div><\/div><\/div><\/div>\n","protected":false},"excerpt":{"rendered":"Kolesa Za la\u017eje prehajanje med prizori\u0161\u010di je akreditiranim gostom na voljo nekaj koles. Kolesa prevzamete z osebnim [...]","protected":false},"author":1,"featured_media":0,"parent":0,"menu_order":0,"comment_status":"closed","ping_status":"closed","template":"","meta":[],"acf":[],"yoast_head":"<!-- This site is optimized with the Yoast SEO plugin v19.7.1 - https:\/\/yoast.com\/wordpress\/plugins\/seo\/ -->\n<title>Prevozi - FSF<\/title>\n<meta name=\"robots\" content=\"index, follow, max-snippet:-1, max-image-preview:large, max-video-preview:-1\" \/>\n<link rel=\"canonical\" href=\"https:\/\/fsf.si\/2023\/prevozi\/\" \/>\n<meta property=\"og:locale\" content=\"sl_SI\" \/>\n<meta property=\"og:type\" content=\"article\" \/>\n<meta property=\"og:title\" content=\"Prevozi - FSF\" \/>\n<meta property=\"og:url\" content=\"https:\/\/fsf.si\/2023\/prevozi\/\" \/>\n<meta property=\"og:site_name\" content=\"FSF\" \/>\n<meta property=\"article:modified_time\" content=\"2023-09-23T15:07:47+00:00\" \/>\n<meta name=\"twitter:card\" content=\"summary_large_image\" \/>\n<meta name=\"twitter:label1\" content=\"Est. reading time\" \/>\n\t<meta name=\"twitter:data1\" content=\"1 minuta\" \/>\n<script type=\"application\/ld+json\" class=\"yoast-schema-graph\">{\"@context\":\"https:\/\/schema.org\",\"@graph\":[{\"@type\":\"WebPage\",\"@id\":\"https:\/\/fsf.si\/2023\/prevozi\/\",\"url\":\"https:\/\/fsf.si\/2023\/prevozi\/\",\"name\":\"Prevozi - FSF\",\"isPartOf\":{\"@id\":\"https:\/\/fsf.si\/2023\/#website\"},\"datePublished\":\"2019-06-11T11:17:21+00:00\",\"dateModified\":\"2023-09-23T15:07:47+00:00\",\"breadcrumb\":{\"@id\":\"https:\/\/fsf.si\/2023\/prevozi\/#breadcrumb\"},\"inLanguage\":\"sl-SI\",\"potentialAction\":[{\"@type\":\"ReadAction\",\"target\":[\"https:\/\/fsf.si\/2023\/prevozi\/\"]}]},{\"@type\":\"BreadcrumbList\",\"@id\":\"https:\/\/fsf.si\/2023\/prevozi\/#breadcrumb\",\"itemListElement\":[{\"@type\":\"ListItem\",\"position\":1,\"name\":\"Home\",\"item\":\"https:\/\/fsf.si\/2023\/\"},{\"@type\":\"ListItem\",\"position\":2,\"name\":\"Prevozi\"}]},{\"@type\":\"WebSite\",\"@id\":\"https:\/\/fsf.si\/2023\/#website\",\"url\":\"https:\/\/fsf.si\/2023\/\",\"name\":\"FSF\",\"description\":\"Festival Slovenskega Filma\",\"publisher\":{\"@id\":\"https:\/\/fsf.si\/2023\/#organization\"},\"potentialAction\":[{\"@type\":\"SearchAction\",\"target\":{\"@type\":\"EntryPoint\",\"urlTemplate\":\"https:\/\/fsf.si\/2023\/?s={search_term_string}\"},\"query-input\":\"required name=search_term_string\"}],\"inLanguage\":\"sl-SI\"},{\"@type\":\"Organization\",\"@id\":\"https:\/\/fsf.si\/2023\/#organization\",\"name\":\"Festival Slovenskega Filma\",\"url\":\"https:\/\/fsf.si\/2023\/\",\"sameAs\":[],\"logo\":{\"@type\":\"ImageObject\",\"inLanguage\":\"sl-SI\",\"@id\":\"https:\/\/fsf.si\/2023\/#\/schema\/logo\/image\/\",\"url\":\"https:\/\/fsf.si\/2023\/wp-content\/uploads\/2019\/06\/Slider-FSF.png\",\"contentUrl\":\"https:\/\/fsf.si\/2023\/wp-content\/uploads\/2019\/06\/Slider-FSF.png\",\"width\":4800,\"height\":1600,\"caption\":\"Festival Slovenskega Filma\"},\"image\":{\"@id\":\"https:\/\/fsf.si\/2023\/#\/schema\/logo\/image\/\"}}]}<\/script>\n<!-- \/ Yoast SEO plugin. -->","yoast_head_json":{"title":"Prevozi - FSF","robots":{"index":"index","follow":"follow","max-snippet":"max-snippet:-1","max-image-preview":"max-image-preview:large","max-video-preview":"max-video-preview:-1"},"canonical":"https:\/\/fsf.si\/2023\/prevozi\/","og_locale":"sl_SI","og_type":"article","og_title":"Prevozi - FSF","og_url":"https:\/\/fsf.si\/2023\/prevozi\/","og_site_name":"FSF","article_modified_time":"2023-09-23T15:07:47+00:00","twitter_card":"summary_large_image","twitter_misc":{"Est. reading time":"1 minuta"},"schema":{"@context":"https:\/\/schema.org","@graph":[{"@type":"WebPage","@id":"https:\/\/fsf.si\/2023\/prevozi\/","url":"https:\/\/fsf.si\/2023\/prevozi\/","name":"Prevozi - FSF","isPartOf":{"@id":"https:\/\/fsf.si\/2023\/#website"},"datePublished":"2019-06-11T11:17:21+00:00","dateModified":"2023-09-23T15:07:47+00:00","breadcrumb":{"@id":"https:\/\/fsf.si\/2023\/prevozi\/#breadcrumb"},"inLanguage":"sl-SI","potentialAction":[{"@type":"ReadAction","target":["https:\/\/fsf.si\/2023\/prevozi\/"]}]},{"@type":"BreadcrumbList","@id":"https:\/\/fsf.si\/2023\/prevozi\/#breadcrumb","itemListElement":[{"@type":"ListItem","position":1,"name":"Home","item":"https:\/\/fsf.si\/2023\/"},{"@type":"ListItem","position":2,"name":"Prevozi"}]},{"@type":"WebSite","@id":"https:\/\/fsf.si\/2023\/#website","url":"https:\/\/fsf.si\/2023\/","name":"FSF","description":"Festival Slovenskega Filma","publisher":{"@id":"https:\/\/fsf.si\/2023\/#organization"},"potentialAction":[{"@type":"SearchAction","target":{"@type":"EntryPoint","urlTemplate":"https:\/\/fsf.si\/2023\/?s={search_term_string}"},"query-input":"required name=search_term_string"}],"inLanguage":"sl-SI"},{"@type":"Organization","@id":"https:\/\/fsf.si\/2023\/#organization","name":"Festival Slovenskega Filma","url":"https:\/\/fsf.si\/2023\/","sameAs":[],"logo":{"@type":"ImageObject","inLanguage":"sl-SI","@id":"https:\/\/fsf.si\/2023\/#\/schema\/logo\/image\/","url":"https:\/\/fsf.si\/2023\/wp-content\/uploads\/2019\/06\/Slider-FSF.png","contentUrl":"https:\/\/fsf.si\/2023\/wp-content\/uploads\/2019\/06\/Slider-FSF.png","width":4800,"height":1600,"caption":"Festival Slovenskega Filma"},"image":{"@id":"https:\/\/fsf.si\/2023\/#\/schema\/logo\/image\/"}}]}},"_links":{"self":[{"href":"https:\/\/fsf.si\/2023\/wp-json\/wp\/v2\/pages\/4718"}],"collection":[{"href":"https:\/\/fsf.si\/2023\/wp-json\/wp\/v2\/pages"}],"about":[{"href":"https:\/\/fsf.si\/2023\/wp-json\/wp\/v2\/types\/page"}],"author":[{"embeddable":true,"href":"https:\/\/fsf.si\/2023\/wp-json\/wp\/v2\/users\/1"}],"replies":[{"embeddable":true,"href":"https:\/\/fsf.si\/2023\/wp-json\/wp\/v2\/comments?post=4718"}],"version-history":[{"count":21,"href":"https:\/\/fsf.si\/2023\/wp-json\/wp\/v2\/pages\/4718\/revisions"}],"predecessor-version":[{"id":25281,"href":"https:\/\/fsf.si\/2023\/wp-json\/wp\/v2\/pages\/4718\/revisions\/25281"}],"wp:attachment":[{"href":"https:\/\/fsf.si\/2023\/wp-json\/wp\/v2\/media?parent=4718"}],"curies":[{"name":"wp","href":"https:\/\/api.w.org\/{rel}","templated":true}]}}