{"id":7645,"date":"2019-08-22T22:43:27","date_gmt":"2019-08-22T17:43:27","guid":{"rendered":"http:\/\/www.fsf.si\/2019\/?page_id=7645"},"modified":"2023-10-03T10:26:37","modified_gmt":"2023-10-03T08:26:37","slug":"pogovori-z-ustvarjalci","status":"publish","type":"page","link":"https:\/\/fsf.si\/2023\/pogovori-z-ustvarjalci\/","title":{"rendered":"Pogovori z ustvarjalci"},"content":{"rendered":"<div class=\"vc_row wpb_row vc_row-fluid jury-team-item\" ><div class=\"wpb_column vc_column_container vc_col-sm-12\"><div class=\"vc_column-inner\"><div class=\"wpb_wrapper\">\n\t<div class=\"wpb_text_column wpb_content_element \" >\n\t\t<div class=\"wpb_wrapper\">\n\t\t\t<p><strong>POGOVORI Z USTVARJALCI &#8211; FSF 2023<\/strong><\/p>\n<p>Bela dvorana, Avditorij Portoro\u017e (pogovore bodo povezovali Denis Vali\u010d, Tina Poglajen in Toni Cahunek)<\/p>\n<p>&nbsp;<\/p>\n<p>SREDA, 4. 10.<\/p>\n<p>11.00 \u2013 11.25 \u0160TERKIJADA, Igor \u0160terk, 77&#8242;, igrani (CF)<\/p>\n<p>&nbsp;<\/p>\n<p>\u010cETRTEK, 5. 10.<\/p>\n<p>10.00 \u2013 10.10 \u0160PORTNI DAN, August Adrian Braatz, 23&#8242;, igrani (KF)<\/p>\n<p>10.15 \u2013 10.25 EDI, Jan Vrhovnik, 14\u2019, igrano dokumentarni (KF)<\/p>\n<p>10.30 \u2013 10.40 OBJEM, Miroslav Mandi\u0107, 14\u2019, eksperimentalno dokumentarni (KF)<\/p>\n<p>10.45 \u2013 10.55 ADIJO ANA. ZDRAVO JAZ!, Urban Zorko, 5&#8242;, igrani (KF)<\/p>\n<p>11.00 \u2013 11.10 LINE RIDER, Simon Intihar, 25&#8242;, dokumentarni (KF)<\/p>\n<p>11.15 \u2013 11.40 GAJIN SVET 2, Peter Bratu\u0161a, 96&#8242;, igrani (CF)<\/p>\n<p>11.45 \u2013 12.10 KAK\u0160NO \u017dIVLJENJE, Giuseppe Battiston, 104&#8242;, igrani (CF)<\/p>\n<p>12.15 \u2013 12.40 SKOZI MOJE O\u010cI, Igor Vrta\u010dnik, 122&#8242;, igrano dokumentarni (KCF)<\/p>\n<p>&nbsp;<\/p>\n<p>PETEK, 6. 10.<\/p>\n<p>10.00 \u2013 10.15 ZADRU\u017dNI DOM, Amir Muratovi\u0107, 52\u2019, dokumentarni (SMF)<\/p>\n<p>10.20 \u2013 10.35 ZASTAVNICE_KI, Miha Mohori\u010d, 48\u2019, dokumentarni (SMF)<\/p>\n<p>10.40 \u2013 11.05 ZBUDI ME, Marko \u0160anti\u0107, 85&#8242;, igrani (CF)<\/p>\n<p>11.10 \u2013 11.35 LGBT_SLO_1984, Boris Petkovi\u010d, 87\u2019, dokumentarni (CF)<\/p>\n<p>11.40 \u2013 12.05 MO\u017d BREZ KRIVDE, Ivan Gergolet, 112\u2019, igrani (CF)<\/p>\n<p>&nbsp;<\/p>\n<p>SOBOTA, 7. 10.<\/p>\n<p>10.00 \u2013 10.25 POSLEDNJI HEROJ, \u017diga Virc, 82&#8242;, igrani (CF)<\/p>\n<p>10.30 \u2013 10.40 \u0160KATLA, Toma\u017e Pavkovi\u010d, 22\u2019, dokumentarni (KF)<\/p>\n<p>10.45 \u2013 10.55 OBZORNIK 242 \u2013 SUN\u010cANE PEGE, Nika Autor, 27\u2019, dokumentarni (KF)<\/p>\n<p>11.00 \u2013 11.10 NOT SO GENTLE, Sasha Ihnatovich, 5&#8242;, eksperimentalno dokumentarni (KF)<\/p>\n<p>11.15 \u2013 11.25 ZEMLJA, Alex Cvetkov, 29&#8242;, igrani (KF)<\/p>\n<p>11.30 \u2013 11.40 POSTAJALI\u0160\u010cE, Amir Muratovi\u0107, 5&#8242;, eksperimentalno dokumentarni (KF)<\/p>\n<p>11.45 \u2013 11.55 FLINT&amp;EMA, Mitja Man\u010dek, 8&#8242;, animirani (KF)<\/p>\n<p>12.00 \u2013 12.10 MA\u010cEK MURI \u2013 PLES, Jernej \u017dmitek, 13&#8242;, animirani (KF)<\/p>\n<p>12.15 \u2013 12.25 BORBIKE, Nika Jurman, 15&#8242;, animirani (KF)<\/p>\n<p>12.30 \u2013 12.45 MELANIA, Jurij Gruden, 51&#8242;, dokumentarni (SMF)<\/p>\n<p>12.50 \u2013 13.15 DVA KORAKA OD BALTIKA DO JADRANA, Jan Mozeti\u010d, 75\u2019, dokumentarni (CF)<\/p>\n<p>13.20 \u2013 13.45 TELO, Petra Seli\u0161kar, 91&#8242;, dokumentarni (CF)<\/p>\n<p>13.50 \u2013 14.15 OPAZOVANJE, Janez Burger, 82&#8242;, igrani (CF)<\/p>\n<p>&nbsp;<\/p>\n<p>NEDELJA, 8. 10.<\/p>\n<p>10.00 \u2013 10.25 NE MISLI, DA BO KDAJ MIMO, Toma\u017e Grom, 73\u2019, eksperimentalno dokumentarni (CF)<\/p>\n<p>10.30 \u2013 10.40 Z AVTOM, Oskar \u0160ubi\u010d, 12&#8242;, igrani (KF)<\/p>\n<p>10.45 \u2013 10.55 JANKO, Marko Kumer, 12&#8242;, igrani (KF)<\/p>\n<p>11.00 \u2013 11.10 KAKO SEM SE NAU\u010cILA OBE\u0160ATI PERILO, Barbara Zemlji\u010d, 23&#8242;, igrani (KF)<\/p>\n<p>11.15 \u2013 11.40 DUHOVNICA, Maja Prettner, 98&#8242;, dokumentarni (CF)<\/p>\n<p>11.45 \u2013 12.10 VZORNIK, Nejc Gazvoda, 99\u2019, igrani (CF)<\/p>\n<p>12.15 \u2013 12.40 PERO, Damjan Kozole, 98&#8242;, dokumentarni (CF)<\/p>\n<p>12.45 \u2013 13.10 VAREN KRAJ, Juraj Leroti\u0107, 104\u2019, igrani (KCF)<\/p>\n\n\t\t<\/div>\n\t<\/div>\n<\/div><\/div><\/div><\/div><div class=\"vc_row wpb_row vc_row-fluid vc_custom_1634112817119\" ><div class=\"wpb_column vc_column_container vc_col-sm-12\"><div class=\"vc_column-inner\"><div class=\"wpb_wrapper\">\n\t<div class=\"wpb_text_column wpb_content_element \" >\n\t\t<div class=\"wpb_wrapper\">\n\t\t\t<h2>Prenos v \u017eivo<\/h2>\n\n\t\t<\/div>\n\t<\/div>\n<\/div><\/div><\/div><\/div><div class=\"vc_row wpb_row vc_row-fluid\" ><div class=\"wpb_column vc_column_container vc_col-sm-12\"><div class=\"vc_column-inner\"><div class=\"wpb_wrapper\">\n\t<div class=\"wpb_raw_code wpb_content_element wpb_raw_html\" >\n\t\t<div class=\"wpb_wrapper\">\n\t\t\t<iframe width=\"854\" height=\"480\" src=\"https:\/\/video.arnes.si\/embed\/live\/0kwjbvzsr5qc\" frameborder=\"0\" webkitallowfullscreen=\"\" mozallowfullscreen=\"\" allowfullscreen=\"\"><\/iframe>\n\t\t<\/div>\n\t<\/div>\n<\/div><\/div><\/div><\/div>\n","protected":false},"excerpt":{"rendered":"POGOVORI Z USTVARJALCI - FSF 2023 Bela dvorana, Avditorij Portoro\u017e (pogovore bodo povezovali Denis Vali\u010d, Tina Poglajen [...]","protected":false},"author":1,"featured_media":0,"parent":0,"menu_order":0,"comment_status":"closed","ping_status":"closed","template":"","meta":[],"acf":[],"yoast_head":"<!-- This site is optimized with the Yoast SEO plugin v19.7.1 - https:\/\/yoast.com\/wordpress\/plugins\/seo\/ -->\n<title>Pogovori z ustvarjalci - FSF<\/title>\n<meta name=\"robots\" content=\"index, follow, max-snippet:-1, max-image-preview:large, max-video-preview:-1\" \/>\n<link rel=\"canonical\" href=\"https:\/\/fsf.si\/2023\/pogovori-z-ustvarjalci\/\" \/>\n<meta property=\"og:locale\" content=\"sl_SI\" \/>\n<meta property=\"og:type\" content=\"article\" \/>\n<meta property=\"og:title\" content=\"Pogovori z ustvarjalci - FSF\" \/>\n<meta property=\"og:url\" content=\"https:\/\/fsf.si\/2023\/pogovori-z-ustvarjalci\/\" \/>\n<meta property=\"og:site_name\" content=\"FSF\" \/>\n<meta property=\"article:modified_time\" content=\"2023-10-03T08:26:37+00:00\" \/>\n<meta name=\"twitter:card\" content=\"summary_large_image\" \/>\n<meta name=\"twitter:label1\" content=\"Est. reading time\" \/>\n\t<meta name=\"twitter:data1\" content=\"3 minute\" \/>\n<script type=\"application\/ld+json\" class=\"yoast-schema-graph\">{\"@context\":\"https:\/\/schema.org\",\"@graph\":[{\"@type\":\"WebPage\",\"@id\":\"https:\/\/fsf.si\/2023\/pogovori-z-ustvarjalci\/\",\"url\":\"https:\/\/fsf.si\/2023\/pogovori-z-ustvarjalci\/\",\"name\":\"Pogovori z ustvarjalci - FSF\",\"isPartOf\":{\"@id\":\"https:\/\/fsf.si\/2023\/#website\"},\"datePublished\":\"2019-08-22T17:43:27+00:00\",\"dateModified\":\"2023-10-03T08:26:37+00:00\",\"breadcrumb\":{\"@id\":\"https:\/\/fsf.si\/2023\/pogovori-z-ustvarjalci\/#breadcrumb\"},\"inLanguage\":\"sl-SI\",\"potentialAction\":[{\"@type\":\"ReadAction\",\"target\":[\"https:\/\/fsf.si\/2023\/pogovori-z-ustvarjalci\/\"]}]},{\"@type\":\"BreadcrumbList\",\"@id\":\"https:\/\/fsf.si\/2023\/pogovori-z-ustvarjalci\/#breadcrumb\",\"itemListElement\":[{\"@type\":\"ListItem\",\"position\":1,\"name\":\"Home\",\"item\":\"https:\/\/fsf.si\/2023\/\"},{\"@type\":\"ListItem\",\"position\":2,\"name\":\"Pogovori z ustvarjalci\"}]},{\"@type\":\"WebSite\",\"@id\":\"https:\/\/fsf.si\/2023\/#website\",\"url\":\"https:\/\/fsf.si\/2023\/\",\"name\":\"FSF\",\"description\":\"Festival Slovenskega Filma\",\"publisher\":{\"@id\":\"https:\/\/fsf.si\/2023\/#organization\"},\"potentialAction\":[{\"@type\":\"SearchAction\",\"target\":{\"@type\":\"EntryPoint\",\"urlTemplate\":\"https:\/\/fsf.si\/2023\/?s={search_term_string}\"},\"query-input\":\"required name=search_term_string\"}],\"inLanguage\":\"sl-SI\"},{\"@type\":\"Organization\",\"@id\":\"https:\/\/fsf.si\/2023\/#organization\",\"name\":\"Festival Slovenskega Filma\",\"url\":\"https:\/\/fsf.si\/2023\/\",\"sameAs\":[],\"logo\":{\"@type\":\"ImageObject\",\"inLanguage\":\"sl-SI\",\"@id\":\"https:\/\/fsf.si\/2023\/#\/schema\/logo\/image\/\",\"url\":\"https:\/\/fsf.si\/2023\/wp-content\/uploads\/2019\/06\/Slider-FSF.png\",\"contentUrl\":\"https:\/\/fsf.si\/2023\/wp-content\/uploads\/2019\/06\/Slider-FSF.png\",\"width\":4800,\"height\":1600,\"caption\":\"Festival Slovenskega Filma\"},\"image\":{\"@id\":\"https:\/\/fsf.si\/2023\/#\/schema\/logo\/image\/\"}}]}<\/script>\n<!-- \/ Yoast SEO plugin. -->","yoast_head_json":{"title":"Pogovori z ustvarjalci - FSF","robots":{"index":"index","follow":"follow","max-snippet":"max-snippet:-1","max-image-preview":"max-image-preview:large","max-video-preview":"max-video-preview:-1"},"canonical":"https:\/\/fsf.si\/2023\/pogovori-z-ustvarjalci\/","og_locale":"sl_SI","og_type":"article","og_title":"Pogovori z ustvarjalci - FSF","og_url":"https:\/\/fsf.si\/2023\/pogovori-z-ustvarjalci\/","og_site_name":"FSF","article_modified_time":"2023-10-03T08:26:37+00:00","twitter_card":"summary_large_image","twitter_misc":{"Est. reading time":"3 minute"},"schema":{"@context":"https:\/\/schema.org","@graph":[{"@type":"WebPage","@id":"https:\/\/fsf.si\/2023\/pogovori-z-ustvarjalci\/","url":"https:\/\/fsf.si\/2023\/pogovori-z-ustvarjalci\/","name":"Pogovori z ustvarjalci - FSF","isPartOf":{"@id":"https:\/\/fsf.si\/2023\/#website"},"datePublished":"2019-08-22T17:43:27+00:00","dateModified":"2023-10-03T08:26:37+00:00","breadcrumb":{"@id":"https:\/\/fsf.si\/2023\/pogovori-z-ustvarjalci\/#breadcrumb"},"inLanguage":"sl-SI","potentialAction":[{"@type":"ReadAction","target":["https:\/\/fsf.si\/2023\/pogovori-z-ustvarjalci\/"]}]},{"@type":"BreadcrumbList","@id":"https:\/\/fsf.si\/2023\/pogovori-z-ustvarjalci\/#breadcrumb","itemListElement":[{"@type":"ListItem","position":1,"name":"Home","item":"https:\/\/fsf.si\/2023\/"},{"@type":"ListItem","position":2,"name":"Pogovori z ustvarjalci"}]},{"@type":"WebSite","@id":"https:\/\/fsf.si\/2023\/#website","url":"https:\/\/fsf.si\/2023\/","name":"FSF","description":"Festival Slovenskega Filma","publisher":{"@id":"https:\/\/fsf.si\/2023\/#organization"},"potentialAction":[{"@type":"SearchAction","target":{"@type":"EntryPoint","urlTemplate":"https:\/\/fsf.si\/2023\/?s={search_term_string}"},"query-input":"required name=search_term_string"}],"inLanguage":"sl-SI"},{"@type":"Organization","@id":"https:\/\/fsf.si\/2023\/#organization","name":"Festival Slovenskega Filma","url":"https:\/\/fsf.si\/2023\/","sameAs":[],"logo":{"@type":"ImageObject","inLanguage":"sl-SI","@id":"https:\/\/fsf.si\/2023\/#\/schema\/logo\/image\/","url":"https:\/\/fsf.si\/2023\/wp-content\/uploads\/2019\/06\/Slider-FSF.png","contentUrl":"https:\/\/fsf.si\/2023\/wp-content\/uploads\/2019\/06\/Slider-FSF.png","width":4800,"height":1600,"caption":"Festival Slovenskega Filma"},"image":{"@id":"https:\/\/fsf.si\/2023\/#\/schema\/logo\/image\/"}}]}},"_links":{"self":[{"href":"https:\/\/fsf.si\/2023\/wp-json\/wp\/v2\/pages\/7645"}],"collection":[{"href":"https:\/\/fsf.si\/2023\/wp-json\/wp\/v2\/pages"}],"about":[{"href":"https:\/\/fsf.si\/2023\/wp-json\/wp\/v2\/types\/page"}],"author":[{"embeddable":true,"href":"https:\/\/fsf.si\/2023\/wp-json\/wp\/v2\/users\/1"}],"replies":[{"embeddable":true,"href":"https:\/\/fsf.si\/2023\/wp-json\/wp\/v2\/comments?post=7645"}],"version-history":[{"count":41,"href":"https:\/\/fsf.si\/2023\/wp-json\/wp\/v2\/pages\/7645\/revisions"}],"predecessor-version":[{"id":25696,"href":"https:\/\/fsf.si\/2023\/wp-json\/wp\/v2\/pages\/7645\/revisions\/25696"}],"wp:attachment":[{"href":"https:\/\/fsf.si\/2023\/wp-json\/wp\/v2\/media?parent=7645"}],"curies":[{"name":"wp","href":"https:\/\/api.w.org\/{rel}","templated":true}]}}