{"id":3920,"date":"2019-06-05T11:51:06","date_gmt":"2019-06-05T10:51:06","guid":{"rendered":"http:\/\/www.fsf.si\/2019\/?page_id=3920"},"modified":"2024-10-27T23:20:25","modified_gmt":"2024-10-27T22:20:25","slug":"awards","status":"publish","type":"page","link":"https:\/\/fsf.si\/2024\/en\/awards\/","title":{"rendered":"Awards"},"content":{"rendered":"<div class=\"vc_row wpb_row vc_row-fluid wpb_animate_when_almost_visible wpb_lightSpeedIn lightSpeedIn vc_custom_1633336772343 vc_row-has-fill edgtf-content-aligment-left\" ><div class=\"wpb_column vc_column_container vc_col-sm-12 vc_col-has-fill\"><div class=\"vc_column-inner vc_custom_1559733019901\"><div class=\"wpb_wrapper\">\n\t<div class=\"wpb_text_column wpb_content_element \" >\n\t\t<div class=\"wpb_wrapper\">\n\t\t\t<p><strong>VESNA AWARDS<\/strong><\/p>\n<p><strong>\u00a0<\/strong><\/p>\n<p>Vesna Award for Best Feature Film<br \/>\n<strong>Family Therapy<\/strong><strong><br \/>\n<\/strong>Directed by: <strong>Sonja Prosenc<\/strong><br \/>\nProduction: <strong>Rok Se\u010den, Sonja Prosenc<\/strong> (<strong>Zavod MONO O<\/strong>)<\/p>\n<p>Jury statement: <em>Family Therapy<\/em> raises the theme of the dysfunctional family in an original, bold and humorous way, placing it in a broader social context. This is a brave and insightful satire that brings a new wave of energy to Slovenian cinema.<\/p>\n<p><strong>\u00a0<\/strong><\/p>\n<p><strong>***<\/strong><\/p>\n<p><strong>\u00a0<\/strong><\/p>\n<p>Vesna Award for Best Director<br \/>\n<strong>Hanna Slak<\/strong><br \/>\nfor<strong> Not a Word<\/strong><\/p>\n<p>Jury statement: We all believe we are good, and our identities are based on that. Hanna Slak builds the mother-son relationship on this premise, skilfully using the power of symbolism. This elevates the narrative to a higher level of expressiveness and demonstrates the talent of a director capable of drawing the audience into the lives of her characters.<\/p>\n<p><strong>\u00a0<\/strong><\/p>\n<p><strong>***<\/strong><\/p>\n<p><strong>\u00a0<\/strong><\/p>\n<p>Vesna Award for Best Screenplay<br \/>\n<strong>Sonja Prosenc<\/strong><br \/>\nfor<strong> Family Therapy <\/strong><\/p>\n<p>Jury statement: Using social satire in a highly intimate way, the screenplay eschews established narrative conventions, moving beyond the safe confines of realism. Here, the poetic breathes with the political, constantly offering space for deeper reflection.<\/p>\n<p><strong>\u00a0<\/strong><\/p>\n<p><strong>***<\/strong><\/p>\n<p><strong>\u00a0<\/strong><\/p>\n<p>Vesna Award for Best Actress in a Leading Role<br \/>\n<strong>Katarina Stegnar<\/strong><br \/>\nfor her role in<strong> Family Therapy<\/strong><\/p>\n<p>Jury statement: Katarina Stegnar as Olivia is the central character of the film&#8217;s microcosm who relentlessly strives to maintain the appearance of a perfect family, while insisting on the emotional coldness and strained detachment to represses her primary impulses. Katarina Stegnar has shaped her role with great inner intensity and uncompromising consistency, creating one of the most enigmatic female characters in contemporary Slovenian cinema.<\/p>\n<p><strong>\u00a0<\/strong><\/p>\n<p><strong>***<\/strong><\/p>\n<p><strong>\u00a0<\/strong><\/p>\n<p>Vesna Award for Best Actor in a Leading Role<br \/>\n<strong>Marko Mandi\u0107<\/strong><br \/>\nfor his role in<strong> Family Therapy<\/strong><\/p>\n<p>Jury statement: Marko Mandi\u0107 has nuanced his Alexander into a creature who, for all his material prosperity, is full of weakness, fears and prejudices. A person who, in the face of the misery of his real existence, takes refuge in fantasies of a perfect family. And also into a person who, deep down, has the capacity to love. But it takes a good knock on the head to show that love. Marko Mandi\u0107 has shaped his role in such a way that, at that decisive moment, we are ready to believe in him unconditionally.<\/p>\n<p><strong>\u00a0<\/strong><\/p>\n<p><strong>***<\/strong><\/p>\n<p><strong>\u00a0<\/strong><\/p>\n<p>Vesna Award for Best Actress in a Supporting Role<br \/>\n<strong>Mila Bezjak<\/strong><br \/>\nfor the role in<strong> Family Therapy<\/strong><\/p>\n<p>Jury statement: Mila Bezjak plays the child of the toxic relationship between Olivia and Aleksander with youthful authenticity and energy, giving her heroine an unusual depth and maturity that makes Agata, within her dysfunctional family, seem like its brightest spot.<\/p>\n<p><strong>\u00a0<\/strong><\/p>\n<p><strong>***<\/strong><\/p>\n<p><strong>\u00a0<\/strong><\/p>\n<p>Vesna Award for Best Actor in a Supporting Role<br \/>\n<strong>Kre\u0161imir Miki\u0107<\/strong><strong>\u00a0 <\/strong><br \/>\nfor his role in<strong> Ciao Bela<\/strong><\/p>\n<p>Jury statement: In <em>Ciao Bela<\/em>, a film driven by child characters, Kre\u0161imir Miki\u0107 plays a middle-aged man trying to navigate the challenges of being a single father and finding lasting love. With minimal gestures, without superfluous words, he creates a father figure who gives his daughter compelling emotional support.<\/p>\n<p><strong>\u00a0<\/strong><\/p>\n<p><strong>***<\/strong><\/p>\n<p><strong>\u00a0<\/strong><\/p>\n<p>Vesna Award for Best Cinematography<br \/>\n<strong>David Hofmann<\/strong><br \/>\nfor<strong> Block 5<\/strong><\/p>\n<p>Jury statement: David Hofmann&#8217;s cinematography gives <em>Block 5<\/em> a youthful freshness, dramatic tension and an impression of spontaneous randomness. Hofmann illuminates the subjects and the filming locations in a way that gives the image an obvious aesthetic value, without in any way detracting from the authenticity of the objects in front of the camera.<\/p>\n<p><strong>\u00a0<\/strong><\/p>\n<p><u>Special mention<\/u>:<\/p>\n<p><strong>Gregor Bo\u017ei\u010d<\/strong><\/p>\n<p>for <strong>The Man Who Could Not Remain Silent<\/strong><\/p>\n<p>Jury statement: In Neboj\u0161a Slijep\u010devi\u0107&#8217;s short film <em>The Man Who Could Not Remain Silent<\/em>, Gregor Bo\u017ei\u010d showed how powerful a means of expression one small camera movement can be and how big a film one can make in a small space.<\/p>\n<p><strong>\u00a0<\/strong><\/p>\n<p><strong>***<\/strong><\/p>\n<p><strong>\u00a0<\/strong><\/p>\n<p>Vesna Award for Best Original Music<br \/>\n<strong>Boris Benko, Primo\u017e Hladnik<\/strong><br \/>\nfor<strong> Family Therapy<\/strong><\/p>\n<p>Jury statement: The music in <em>Family Therapy<\/em> cannot be separated from the moving images. The composers have created a musical fabric that is entirely at the service of the story of a tragicomic family, and blends in with the aesthetics of the film.<\/p>\n<p><strong>\u00a0<\/strong><\/p>\n<p><strong>***<\/strong><\/p>\n<p><strong>\u00a0<\/strong><\/p>\n<p>Vesna Award for Best Editing<br \/>\n<strong>Uro\u0161 Maksimovi\u0107<\/strong><br \/>\nfor <strong>Cent&#8217;anni<\/strong><\/p>\n<p>Jury statement: Finding the right balance and the essence of the story to convey a painful personal experience to the audience without stereotypes and superfluous information was undoubtedly a challenge. The editor rose to it brilliantly with the selection and arrangement of the material, skilfully linking all levels of the story &#8211; personal, familial, moral and spiritual. That said, this poignant film would not exist without directorial input in the editing room.<\/p>\n<p><strong>\u00a0<\/strong><\/p>\n<p><strong>***<\/strong><\/p>\n<p><strong>\u00a0<\/strong><\/p>\n<p>Vesna Award for Best Production Design<br \/>\n<strong>Tajana \u010cani\u0107 Stankovi\u0107<\/strong><br \/>\nfor<strong> Family Therapy<\/strong><\/p>\n<p>Jury statement: Rarely do we see production design being such a strong narrative element, in direct dialogue with the actors and the action. The seemingly perfect and visually polished world is constantly imbued with a sense of unease.<\/p>\n<p><strong>\u00a0<\/strong><\/p>\n<p><strong>***<\/strong><\/p>\n<p><strong>\u00a0<\/strong><\/p>\n<p>Vesna Award for Best Costume Design<br \/>\n<strong>Katarina \u0160avs <\/strong><br \/>\nfor<strong> Block 5<\/strong><\/p>\n<p>Jury statement: With its playfulness and authenticity, Katarina \u0160avs&#8217; costume design takes us into the universe of today&#8217;s youth and contributes to an emotional portrayal of a world that we often fail to hear.<\/p>\n<p><strong>\u00a0<\/strong><\/p>\n<p><strong>***<\/strong><\/p>\n<p><strong>\u00a0<\/strong><\/p>\n<p>Vesna Award for Best Make-up<br \/>\n<strong>Tina Lasi\u010d Andrejevi\u0107<\/strong><br \/>\nfor<strong> Not a Word<\/strong><\/p>\n<p>Jury statement: Tina Lasi\u010d Andrejevi\u0107\u2019s discreet make-up design supports the realistic conception of <em>Not a Word<\/em> and subtly heightens the characters&#8217; psychological states, helping the actors\u2019 creations come to life in their fullness.<\/p>\n<p><strong>\u00a0<\/strong><\/p>\n<p><strong>***<\/strong><\/p>\n<p>&nbsp;<\/p>\n<p>Vesna Award for Best Sound<br \/>\n<strong>Bo\u0161tjan Ka\u010di\u010dnik<\/strong><br \/>\nfor<strong> Once Upon a Time in So\u010da Valley<\/strong><\/p>\n<p>Jury statement: Although the remote, mysterious world of the Old Faith is difficult to relate to today, the one element of <em>Once Upon a Time in So\u010da Valley <\/em>that is particularly successful in how intensely it makes it accessible to us, are the sound layers that Bo\u0161tjan Ka\u010di\u010dnik has masterfully combined into an indivisible and expressive whole.<\/p>\n<p><strong>\u00a0<\/strong><\/p>\n<p><strong>***<\/strong><\/p>\n<p>&nbsp;<\/p>\n<p>Vesna Award for Best Minority Co-production<br \/>\n<strong>Not a Word<\/strong><br \/>\nDirected by: <strong>Hanna Slak<\/strong><br \/>\nSlovenian co-producers: <strong>Miha \u010cernec, Jo\u017eko Rutar (Staragara)<\/strong><\/p>\n<p>Jury statement: With the help of Slovenian co-producers Miha \u010cernec and Jo\u017eko Rutar, Hanna Slak has created, in Germany and with German actors, an exquisite intimate drama about a mother and a son, about repressed and unspoken things waiting to resurface.<\/p>\n<p><strong>\u00a0<\/strong><\/p>\n<p><strong>***<\/strong><\/p>\n<p><strong>\u00a0<\/strong><\/p>\n<p>Vesna Award for Special Achievement<br \/>\n<strong>Block 5<\/strong><br \/>\nDirected by: <strong>Klemen Dvornik<\/strong><\/p>\n<p>Jury statement: <em>Block 5<\/em> does not underestimate its audience, nor is it afraid to raise pressing issues within the youth film genre in a communicative and humorous way.<\/p>\n<p><strong>\u00a0<\/strong><\/p>\n<p><u>Special mention<\/u>:<\/p>\n<p><strong>Matev\u017e Jerman <\/strong>and<strong> Jurij Meden<\/strong><\/p>\n<p>for <strong>Alpe-Adria Underground!<\/strong><\/p>\n<p>Jury statement: The film has succeeded in plucking from oblivion a precious piece of Slovenian film history from the second half of the 20th century. It will help the audience understand the relationship between mainstream Slovenian cinema and the various avant-garde movements, and to appraise them within the cultural space of the former Yugoslavia.<\/p>\n<p><strong>\u00a0<\/strong><\/p>\n<p><strong>***<\/strong><\/p>\n<p><strong>\u00a0<\/strong><\/p>\n<p>Vesna Award for Best Documentary<br \/>\n<strong>A Tree Grows in My Dreams Every Night<\/strong><br \/>\nDirected by: <strong>Vid Hajn\u0161ek<\/strong><\/p>\n<p>Jury statement: The Vesna for Best Documentary is awarded to <em>A Tree Grows in My Dreams Every Night<\/em> by Vid Hajn\u0161ek, for a work of absolutely outstanding creativity. The film is distinguished by a subtle poetics in which time and breath stand still. Man, landscape, animals, history and tradition merge into one \u2013 the Haloze hills.<\/p>\n<p>&nbsp;<\/p>\n<p><u>Special mention<\/u>:<br \/>\n<strong>Snatched from the Source<\/strong><br \/>\nDirected by: <strong>Maja Weiss<\/strong><\/p>\n<p>Jury statement: We wish to highlight Maja Weiss&#8217;s work <em>Snatched from the Source<\/em>, in which archival material becomes the creative and emotional building block of the story.<\/p>\n<p>&nbsp;<\/p>\n<p><u>Special mention<\/u>:<br \/>\n<strong>Once Upon a Time in So\u010da Valley<\/strong><br \/>\nDirected by: <strong>Ema Kugler<\/strong><\/p>\n<p>Jury statement: We wish to highlight Ema Kugler&#8217;s <em>Once Upon a Time in So\u010da Valley<\/em> for her directorial choices, which, in the absence of lore and material from the location, create a living monument to a pagan past that has been erased by the cruelty of Christianisation.<\/p>\n<p>&nbsp;<\/p>\n<p><strong>***<\/strong><\/p>\n<p>&nbsp;<\/p>\n<p>Vesna Award for Best Short Fiction Film<\/p>\n<p>The jury chose not to present the award.<\/p>\n<p>&nbsp;<\/p>\n<p><strong>***<\/strong><\/p>\n<p>&nbsp;<\/p>\n<p>Vesna Award for Best Animated Film<br \/>\n<strong>Three Birds<\/strong><br \/>\nDirected by: <strong>Zarja Menart<\/strong><\/p>\n<p>Jury statement: The Vesna for Best Animated Film goes to Zarja Menart&#8217;s Three Birds. This visually refined animation speaks subtly about woman\u2019s nature. Images of ancient female alliances, connection to nature and rituals are intertwined to create emotional tension.<\/p>\n<p><strong>\u00a0<\/strong><\/p>\n<p><u>Special mention<\/u>:<br \/>\n<strong>Catlands<\/strong><br \/>\nDirected by: <strong>Ana \u010cigon<\/strong><\/p>\n<p>Jury statement: Special mention goes to the animated film <em>Catlands<\/em> by Ana \u010cigon for its humorous take on the proverbial Slovenian attitude to borders and fences.<\/p>\n<p>&nbsp;<\/p>\n<p><strong>***<\/strong><\/p>\n<p>&nbsp;<\/p>\n<p>Vesna Award for Best Experimental AV Work (Experimental Film)<br \/>\n<strong>Vel Vet Vel_Festival Film<\/strong><br \/>\nDirected by: <strong>Miha Mo\u017eina<\/strong><\/p>\n<p>Jury statement: <em>Vel Vet Vel_Festival Film<\/em> by Miha Mo\u017eina straddles film genres and modes and stretches between the intentional and the experimental. Through a playful erotic form, it seduces us in a way that makes us forget its intention.<\/p>\n<p>&nbsp;<\/p>\n<p><u>Special mention<\/u>:<br \/>\n<strong>The Future&#8230; Is Just Like You Imagined<\/strong><br \/>\nDirected by: <strong>Sara Bezov\u0161ek<\/strong><\/p>\n<p>Jury statement: Special mention goes to Sara Bezov\u0161ek&#8217;s experimental film <em>The Future &#8230; Is Just Like You Imagined<\/em>, which skilfully translates her intermedia installation into a film, testing the principle of the telephone screen on the cinema screen.<\/p>\n<p>&nbsp;<\/p>\n<p><strong>***<\/strong><\/p>\n<p>&nbsp;<\/p>\n<p>Vesna Award for Best Student Film<\/p>\n<p>The jury chose not to present the award.<\/p>\n<p>&nbsp;<\/p>\n<p><u>Special mention<\/u><\/p>\n<p><strong>Beyond the Face<\/strong>, Anja Resman<\/p>\n<p><strong>(Un)Lucky Day<\/strong>, Karin Likar<\/p>\n<p><strong>The Window<\/strong>, Nel Jeraj Sedej<\/p>\n<p><strong>Interface<\/strong>, \u0160pela Ko\u0161\u010dak<\/p>\n<p><strong>Threads<\/strong>, Iza Mlakar<\/p>\n<p><strong>After<\/strong>, David Champaigne<\/p>\n<p>&nbsp;<\/p>\n<p>Jury statement: Given the extremely rich selection of student films this year, we are not worried about the future of Slovenian cinema. It was difficult to choose, and it would be unfair to award the prize to just one film in so many different genres: fiction, documentary, experimental and animation. That is why we decided to cut this year&#8217;s Vesna into six parts, as we believe there are six films that deserve it equally. Due to the festival rules, this was not possible: the Vesna can only be awarded to one film. So, in accordance with the rules, we are awarding six special mentions, but we still consider them symbolically as the Vesna Award, while taking this opportunity to call again for a recast of the rules. But if you ask us, each of the winners should be allowed to keep the Vesna with them for two months of the year.<\/p>\n<p>Each of the highlighted films stands out for certain creative aspects, and it is these that need to be recognised. Anja Resman&#8217;s animation <em>Beyond the Face<\/em> is an intricate work that reflects the artist&#8217;s creative maturity. Karin Likar&#8217;s <em>(Un)Lucky Day<\/em> is a playful, witty, imaginative and visually fresh animation. Nel Jeraj Sedej&#8217;s <em>The Window<\/em> is a brave social critique within a film experiment. \u0160pela Ko\u0161\u010dak&#8217;s <em>Interface<\/em> can be experienced as a deft homage to avant-garde cinema through the sonic imprint of our times. Iza Mlakar has managed to weave an emotionally compelling film with her subtle direction of the actors in <em>Threads<\/em>. David Champaigne&#8217;s <em>After<\/em> is a genre-defining minimalist film distinguished by a well-executed dramaturgical arc.<\/p>\n<p>&nbsp;<\/p>\n<p><strong>***<\/strong><\/p>\n<p><strong>\u00a0<\/strong><\/p>\n<p>Vesna Award for Special Achievement<br \/>\n<strong>Cent&#8217;anni<\/strong><br \/>\nDirected by: <strong>Maja Doroteja Prelog<\/strong><\/p>\n<p>Jury statement: Our Vesna for Special Achievement goes to Maja Doroteja Prelog&#8217;s <em>Cent&#8217;anni<\/em> for the bravery of its narrative. Without inhibitions, the film shows an intimate relationship that develops through the unpredictable twists and turns of life. A film becomes a relationship, and a relationship becomes a film.<\/p>\n<p>&nbsp;<\/p>\n<p><strong>***<\/strong><\/p>\n<p>&nbsp;<\/p>\n<p>Vesna Audience Award<br \/>\n<strong>Praslovan<\/strong><br \/>\nDirected by: <strong>Slobodan Maksimovi\u0107<\/strong><br \/>\nAverage score: 4.91<\/p>\n<p>&nbsp;<\/p>\n<p>&nbsp;<\/p>\n<p>&nbsp;<\/p>\n<p><strong>OTHER AWARDS<\/strong><\/p>\n<p><strong>\u00a0<\/strong><\/p>\n<p><strong>Slovenian Art Cinema Association Award<\/strong><\/p>\n<p>for best feature film<\/p>\n<p>Jury: Suzana Kokalj, Vesna Teli\u010d Kova\u010d, and Uro\u0161 Zavodnik<\/p>\n<p><strong>The Volta Cinema<\/strong><br \/>\nDirected by: Martin Turk<\/p>\n<p>Jury statement: In a unique way, Martin Turk&#8217;s documentary explores the relatively unknown passion of James Joyce and a group of enthusiasts from Trieste who, with the Volta Cinema, laid the foundations of Slovenian film exhibition. Through the process of making a theatre play, we get to know the people from a century ago and the multinational character of the city by the bay, which is still reflected today not only in cinema, but also in the here and now.<\/p>\n<p><strong>\u00a0<\/strong><\/p>\n<p><strong>***<\/strong><\/p>\n<p><strong>The Association of Slovenian Film Critics Award <\/strong><\/p>\n<p>for best Slovenian feature film in the Official Competition<\/p>\n<p>Jury: Ma\u0161a Pe\u010de, Varja Mo\u010dnik, and Kristian Bo\u017eak Kav\u010di\u010d<\/p>\n<p><strong>Cent&#8217;anni<\/strong><\/p>\n<p>Directed by: Maja Doroteja Prelog<\/p>\n<p>Jury statement: In this intimate documentary diary, which dissects the dynamics of a romantic relationship, the film itself becomes a protagonist. When in the midst of vast landscapes, we find ourselves in the tight grip of emotions, the frame and a Zastava 750, questions about the relationship between documentary and fiction, the real and the fictional, what we see and what remains hidden, are raised in new and unexpected ways.<\/p>\n<p><strong>\u00a0<\/strong><\/p>\n<p><strong>***<\/strong><\/p>\n<p><strong>Kosobrin Award for a priceless crew member<br \/>\n<\/strong>Presented by: Directors Guild of Slovenia<strong><br \/>\n<\/strong>Award winner: set painted <strong>Nenad \u017divkovi\u0107 Ne\u0161o<\/strong><\/p>\n\n\t\t<\/div>\n\t<\/div>\n<\/div><\/div><\/div><\/div>\n","protected":false},"excerpt":{"rendered":"VESNA AWARDS \u00a0 Vesna Award for Best Feature Film Family Therapy Directed by: Sonja Prosenc Production: Rok [...]","protected":false},"author":1,"featured_media":0,"parent":0,"menu_order":0,"comment_status":"closed","ping_status":"closed","template":"","meta":[],"acf":[],"yoast_head":"<!-- This site is optimized with the Yoast SEO plugin v19.7.1 - https:\/\/yoast.com\/wordpress\/plugins\/seo\/ -->\n<title>Awards - FSF<\/title>\n<meta name=\"robots\" content=\"index, follow, max-snippet:-1, max-image-preview:large, max-video-preview:-1\" \/>\n<link rel=\"canonical\" href=\"https:\/\/fsf.si\/2024\/awards\/\" \/>\n<meta property=\"og:locale\" content=\"sl_SI\" \/>\n<meta property=\"og:type\" content=\"article\" \/>\n<meta property=\"og:title\" content=\"Awards - FSF\" \/>\n<meta property=\"og:url\" content=\"https:\/\/fsf.si\/2024\/en\/awards\/\" \/>\n<meta property=\"og:site_name\" content=\"FSF\" \/>\n<meta property=\"article:modified_time\" content=\"2024-10-27T22:20:25+00:00\" \/>\n<meta name=\"twitter:card\" content=\"summary_large_image\" \/>\n<meta name=\"twitter:label1\" content=\"Est. reading time\" \/>\n\t<meta name=\"twitter:data1\" content=\"1 minuta\" \/>\n<script type=\"application\/ld+json\" class=\"yoast-schema-graph\">{\"@context\":\"https:\/\/schema.org\",\"@graph\":[{\"@type\":\"WebPage\",\"@id\":\"https:\/\/fsf.si\/2024\/en\/awards\/\",\"url\":\"https:\/\/fsf.si\/2024\/en\/awards\/\",\"name\":\"Awards - FSF\",\"isPartOf\":{\"@id\":\"https:\/\/fsf.si\/2024\/#website\"},\"datePublished\":\"2019-06-05T10:51:06+00:00\",\"dateModified\":\"2024-10-27T22:20:25+00:00\",\"breadcrumb\":{\"@id\":\"https:\/\/fsf.si\/2024\/en\/awards\/#breadcrumb\"},\"inLanguage\":\"sl-SI\",\"potentialAction\":[{\"@type\":\"ReadAction\",\"target\":[\"https:\/\/fsf.si\/2024\/en\/awards\/\"]}]},{\"@type\":\"BreadcrumbList\",\"@id\":\"https:\/\/fsf.si\/2024\/en\/awards\/#breadcrumb\",\"itemListElement\":[{\"@type\":\"ListItem\",\"position\":1,\"name\":\"Home\",\"item\":\"https:\/\/fsf.si\/2024\/\"},{\"@type\":\"ListItem\",\"position\":2,\"name\":\"Awards\"}]},{\"@type\":\"WebSite\",\"@id\":\"https:\/\/fsf.si\/2024\/#website\",\"url\":\"https:\/\/fsf.si\/2024\/\",\"name\":\"FSF\",\"description\":\"Festival Slovenskega Filma\",\"publisher\":{\"@id\":\"https:\/\/fsf.si\/2024\/#organization\"},\"potentialAction\":[{\"@type\":\"SearchAction\",\"target\":{\"@type\":\"EntryPoint\",\"urlTemplate\":\"https:\/\/fsf.si\/2024\/?s={search_term_string}\"},\"query-input\":\"required name=search_term_string\"}],\"inLanguage\":\"sl-SI\"},{\"@type\":\"Organization\",\"@id\":\"https:\/\/fsf.si\/2024\/#organization\",\"name\":\"Festival Slovenskega Filma\",\"url\":\"https:\/\/fsf.si\/2024\/\",\"sameAs\":[],\"logo\":{\"@type\":\"ImageObject\",\"inLanguage\":\"sl-SI\",\"@id\":\"https:\/\/fsf.si\/2024\/#\/schema\/logo\/image\/\",\"url\":\"https:\/\/fsf.si\/2024\/wp-content\/uploads\/2019\/06\/Slider-FSF.png\",\"contentUrl\":\"https:\/\/fsf.si\/2024\/wp-content\/uploads\/2019\/06\/Slider-FSF.png\",\"width\":4800,\"height\":1600,\"caption\":\"Festival Slovenskega Filma\"},\"image\":{\"@id\":\"https:\/\/fsf.si\/2024\/#\/schema\/logo\/image\/\"}}]}<\/script>\n<!-- \/ Yoast SEO plugin. -->","yoast_head_json":{"title":"Awards - FSF","robots":{"index":"index","follow":"follow","max-snippet":"max-snippet:-1","max-image-preview":"max-image-preview:large","max-video-preview":"max-video-preview:-1"},"canonical":"https:\/\/fsf.si\/2024\/awards\/","og_locale":"sl_SI","og_type":"article","og_title":"Awards - FSF","og_url":"https:\/\/fsf.si\/2024\/en\/awards\/","og_site_name":"FSF","article_modified_time":"2024-10-27T22:20:25+00:00","twitter_card":"summary_large_image","twitter_misc":{"Est. reading time":"1 minuta"},"schema":{"@context":"https:\/\/schema.org","@graph":[{"@type":"WebPage","@id":"https:\/\/fsf.si\/2024\/en\/awards\/","url":"https:\/\/fsf.si\/2024\/en\/awards\/","name":"Awards - FSF","isPartOf":{"@id":"https:\/\/fsf.si\/2024\/#website"},"datePublished":"2019-06-05T10:51:06+00:00","dateModified":"2024-10-27T22:20:25+00:00","breadcrumb":{"@id":"https:\/\/fsf.si\/2024\/en\/awards\/#breadcrumb"},"inLanguage":"sl-SI","potentialAction":[{"@type":"ReadAction","target":["https:\/\/fsf.si\/2024\/en\/awards\/"]}]},{"@type":"BreadcrumbList","@id":"https:\/\/fsf.si\/2024\/en\/awards\/#breadcrumb","itemListElement":[{"@type":"ListItem","position":1,"name":"Home","item":"https:\/\/fsf.si\/2024\/"},{"@type":"ListItem","position":2,"name":"Awards"}]},{"@type":"WebSite","@id":"https:\/\/fsf.si\/2024\/#website","url":"https:\/\/fsf.si\/2024\/","name":"FSF","description":"Festival Slovenskega Filma","publisher":{"@id":"https:\/\/fsf.si\/2024\/#organization"},"potentialAction":[{"@type":"SearchAction","target":{"@type":"EntryPoint","urlTemplate":"https:\/\/fsf.si\/2024\/?s={search_term_string}"},"query-input":"required name=search_term_string"}],"inLanguage":"sl-SI"},{"@type":"Organization","@id":"https:\/\/fsf.si\/2024\/#organization","name":"Festival Slovenskega Filma","url":"https:\/\/fsf.si\/2024\/","sameAs":[],"logo":{"@type":"ImageObject","inLanguage":"sl-SI","@id":"https:\/\/fsf.si\/2024\/#\/schema\/logo\/image\/","url":"https:\/\/fsf.si\/2024\/wp-content\/uploads\/2019\/06\/Slider-FSF.png","contentUrl":"https:\/\/fsf.si\/2024\/wp-content\/uploads\/2019\/06\/Slider-FSF.png","width":4800,"height":1600,"caption":"Festival Slovenskega Filma"},"image":{"@id":"https:\/\/fsf.si\/2024\/#\/schema\/logo\/image\/"}}]}},"_links":{"self":[{"href":"https:\/\/fsf.si\/2024\/wp-json\/wp\/v2\/pages\/3920"}],"collection":[{"href":"https:\/\/fsf.si\/2024\/wp-json\/wp\/v2\/pages"}],"about":[{"href":"https:\/\/fsf.si\/2024\/wp-json\/wp\/v2\/types\/page"}],"author":[{"embeddable":true,"href":"https:\/\/fsf.si\/2024\/wp-json\/wp\/v2\/users\/1"}],"replies":[{"embeddable":true,"href":"https:\/\/fsf.si\/2024\/wp-json\/wp\/v2\/comments?post=3920"}],"version-history":[{"count":52,"href":"https:\/\/fsf.si\/2024\/wp-json\/wp\/v2\/pages\/3920\/revisions"}],"predecessor-version":[{"id":28999,"href":"https:\/\/fsf.si\/2024\/wp-json\/wp\/v2\/pages\/3920\/revisions\/28999"}],"wp:attachment":[{"href":"https:\/\/fsf.si\/2024\/wp-json\/wp\/v2\/media?parent=3920"}],"curies":[{"name":"wp","href":"https:\/\/api.w.org\/{rel}","templated":true}]}}