{"id":8025,"date":"2019-08-25T18:23:20","date_gmt":"2019-08-25T13:23:20","guid":{"rendered":"http:\/\/www.fsf.si\/2019\/?page_id=8025"},"modified":"2024-10-25T15:40:55","modified_gmt":"2024-10-25T13:40:55","slug":"jury","status":"publish","type":"page","link":"https:\/\/fsf.si\/2024\/en\/jury\/","title":{"rendered":"Jury"},"content":{"rendered":"<div class=\"vc_row wpb_row vc_row-fluid\" ><div class=\"wpb_column vc_column_container vc_col-sm-12\"><div class=\"vc_column-inner\"><div class=\"wpb_wrapper\"><div class=\"vc_empty_space\"   style=\"height: 32px\"><span class=\"vc_empty_space_inner\"><\/span><\/div><div id=\"ts-vcsc-textillate-1962588\" class=\"ts-textillate   \" data-loop=\"false\" data-delay=\"100\" data-in-effect=\"ts-composer-css-bounce\" data-in-sync=\"false\" data-in-shuffle=\"false\" data-in-reverse=\"false\"  style=\"color: #000000 !important; font-size: 36px; line-height: 36px; font-weight: inherit; text-align: left; margin-top: 0px; margin-bottom: 0px;\">Jury for feature films<\/div><div class=\"vc_row wpb_row vc_inner vc_row-fluid jury-team-item\" ><div class=\"wpb_column vc_column_container vc_col-sm-3\"><div class=\"vc_column-inner\"><div class=\"wpb_wrapper\">\n\t<div  class=\"wpb_single_image wpb_content_element vc_align_left\">\n\t\t\n\t\t<figure class=\"wpb_wrapper vc_figure\">\n\t\t\t<div class=\"vc_single_image-wrapper vc_box_circle  vc_box_border_grey\"><img width=\"250\" height=\"250\" src=\"https:\/\/fsf.si\/2024\/wp-content\/uploads\/2024\/10\/gordan.png\" class=\"vc_single_image-img attachment-full\" alt=\"\" loading=\"lazy\" srcset=\"https:\/\/fsf.si\/2024\/wp-content\/uploads\/2024\/10\/gordan.png 250w, https:\/\/fsf.si\/2024\/wp-content\/uploads\/2024\/10\/gordan-150x150.png 150w\" sizes=\"(max-width: 250px) 100vw, 250px\" \/><\/div>\n\t\t<\/figure>\n\t<\/div>\n<\/div><\/div><\/div><div class=\"wpb_column vc_column_container vc_col-sm-9\"><div class=\"vc_column-inner\"><div class=\"wpb_wrapper\">\n\t<div class=\"wpb_text_column wpb_content_element \" >\n\t\t<div class=\"wpb_wrapper\">\n\t\t\t<h1>GORDAN MATI\u0106<\/h1>\n<h2>screenwriter and director<\/h2>\n<p style=\"text-align: justify;\">Gordan Mati\u0107 (1971) has a bachelor\u2019s degree from the Faculty of Culture and Media, Belgrade, and master\u2019s degrees from the University of Arts, Belgrade, and Lumi\u00e8re University Lyon 2, France. Mati\u0107 has worked across cinema, television, and theatre for more than two decades while serving a stint as the director of Film Centre Serbia. His most notable works include Ginger: More than a Game (\u017du\u0107ko, pri\u010da o Radivoju kora\u0107u, 2011), and Bullets over Marseille (Pucnji u Marseju, 2021).<\/p>\n\n\t\t<\/div>\n\t<\/div>\n<\/div><\/div><\/div><\/div><div class=\"vc_row wpb_row vc_inner vc_row-fluid jury-team-item\" ><div class=\"wpb_column vc_column_container vc_col-sm-3\"><div class=\"vc_column-inner\"><div class=\"wpb_wrapper\">\n\t<div  class=\"wpb_single_image wpb_content_element vc_align_left\">\n\t\t\n\t\t<figure class=\"wpb_wrapper vc_figure\">\n\t\t\t<div class=\"vc_single_image-wrapper vc_box_circle  vc_box_border_grey\"><img width=\"250\" height=\"250\" src=\"https:\/\/fsf.si\/2024\/wp-content\/uploads\/2024\/10\/olmo.png\" class=\"vc_single_image-img attachment-full\" alt=\"\" loading=\"lazy\" srcset=\"https:\/\/fsf.si\/2024\/wp-content\/uploads\/2024\/10\/olmo.png 250w, https:\/\/fsf.si\/2024\/wp-content\/uploads\/2024\/10\/olmo-150x150.png 150w\" sizes=\"(max-width: 250px) 100vw, 250px\" \/><\/div>\n\t\t<\/figure>\n\t<\/div>\n<\/div><\/div><\/div><div class=\"wpb_column vc_column_container vc_col-sm-9\"><div class=\"vc_column-inner\"><div class=\"wpb_wrapper\">\n\t<div class=\"wpb_text_column wpb_content_element \" >\n\t\t<div class=\"wpb_wrapper\">\n\t\t\t<h1>OLMO OMERZU<\/h1>\n<h2>director and screenwriter<\/h2>\n<p>Olmo Omerzu studied at the FAMU film school in Prague, where he developed a passion for making films that explore human nature, family relationships, and people&#8217;s expectations of themselves. His first two films premiered at the Berlinale and San Sebastian film festivals, while his third feature, Winter Flies, earned him the Best Director award at the Karlovy Vary International Film Festival in 2018, along with six wins at the Czech Lions film awards and a spot in the official selection for the Toronto IFF 2018. His next film, Bird Atlas, premiered at the Karlovy Vary IFF in 2021. His English-language debut, titled Ungrateful Beings, is currently in post-production.<\/p>\n\n\t\t<\/div>\n\t<\/div>\n<\/div><\/div><\/div><\/div><div class=\"vc_row wpb_row vc_inner vc_row-fluid jury-team-item\" ><div class=\"wpb_column vc_column_container vc_col-sm-3\"><div class=\"vc_column-inner\"><div class=\"wpb_wrapper\">\n\t<div  class=\"wpb_single_image wpb_content_element vc_align_left\">\n\t\t\n\t\t<figure class=\"wpb_wrapper vc_figure\">\n\t\t\t<div class=\"vc_single_image-wrapper vc_box_circle  vc_box_border_grey\"><img width=\"250\" height=\"250\" src=\"https:\/\/fsf.si\/2024\/wp-content\/uploads\/2024\/10\/miran.png\" class=\"vc_single_image-img attachment-full\" alt=\"\" loading=\"lazy\" srcset=\"https:\/\/fsf.si\/2024\/wp-content\/uploads\/2024\/10\/miran.png 250w, https:\/\/fsf.si\/2024\/wp-content\/uploads\/2024\/10\/miran-150x150.png 150w\" sizes=\"(max-width: 250px) 100vw, 250px\" \/><\/div>\n\t\t<\/figure>\n\t<\/div>\n<\/div><\/div><\/div><div class=\"wpb_column vc_column_container vc_col-sm-9\"><div class=\"vc_column-inner\"><div class=\"wpb_wrapper\">\n\t<div class=\"wpb_text_column wpb_content_element \" >\n\t\t<div class=\"wpb_wrapper\">\n\t\t\t<h1>MIRAN ZUPANI\u010c<\/h1>\n<h2>screenwriter and director<\/h2>\n<p style=\"text-align: justify;\">Miran Zupani\u010d (1961) graduated from both law and film schools. His documentaries focus on people\u2019s destinies at defining moments in history. The topics discussed in his films include the harshest political prison in the former Yugoslavia, on the island of Goli Otok (Tek za \u017eivljenje, 1990), the war in Bosnia and Herzegovina (O\u010di Bosne, 1993), the Petri\u010dek camp for children of alleged or actual Nazi collaborators (Children from Petri\u010dek Hill, 2007), and the story of foreigners who paid to shoot at the inhabitants of besieged Sarajevo (Sarajevo Safari, 2022). Zupani\u010d is also a screenwriter and director of fiction films. Since 1997, he has taught film directing at the Academy of Theatre, Radio, Film and Television of the University of Ljubljana.<\/p>\n\n\t\t<\/div>\n\t<\/div>\n<\/div><\/div><\/div><\/div><div class=\"vc_empty_space\"   style=\"height: 32px\"><span class=\"vc_empty_space_inner\"><\/span><\/div><div class=\"vc_empty_space\"   style=\"height: 32px\"><span class=\"vc_empty_space_inner\"><\/span><\/div><div id=\"ts-vcsc-textillate-8093841\" class=\"ts-textillate   \" data-loop=\"false\" data-delay=\"100\" data-in-effect=\"ts-composer-css-bounce\" data-in-sync=\"false\" data-in-shuffle=\"false\" data-in-reverse=\"false\"  style=\"color: #000000 !important; font-size: 31px; line-height: 31px; font-weight: inherit; text-align: left; margin-top: 0px; margin-bottom: 0px;\">Jury for short fiction, documentary, experimental, animated, and student films:<\/div><div class=\"vc_row wpb_row vc_inner vc_row-fluid jury-team-item\" ><div class=\"wpb_column vc_column_container vc_col-sm-3\"><div class=\"vc_column-inner\"><div class=\"wpb_wrapper\">\n\t<div  class=\"wpb_single_image wpb_content_element vc_align_left\">\n\t\t\n\t\t<figure class=\"wpb_wrapper vc_figure\">\n\t\t\t<div class=\"vc_single_image-wrapper vc_box_circle  vc_box_border_grey\"><img width=\"250\" height=\"250\" src=\"https:\/\/fsf.si\/2024\/wp-content\/uploads\/2024\/10\/Anja.png\" class=\"vc_single_image-img attachment-full\" alt=\"\" loading=\"lazy\" srcset=\"https:\/\/fsf.si\/2024\/wp-content\/uploads\/2024\/10\/Anja.png 250w, https:\/\/fsf.si\/2024\/wp-content\/uploads\/2024\/10\/Anja-150x150.png 150w\" sizes=\"(max-width: 250px) 100vw, 250px\" \/><\/div>\n\t\t<\/figure>\n\t<\/div>\n<\/div><\/div><\/div><div class=\"wpb_column vc_column_container vc_col-sm-9\"><div class=\"vc_column-inner\"><div class=\"wpb_wrapper\">\n\t<div class=\"wpb_text_column wpb_content_element \" >\n\t\t<div class=\"wpb_wrapper\">\n\t\t\t<h1>ANJA BANKO<\/h1>\n<h2>film critic and reviewer<\/h2>\n<p style=\"text-align: justify;\">Anja Banko is a film critic, film educator, and programme associate of the Slovenian Cinematheque. She is the former editor of \u2018Temna zvezda\u2019, a programme about cinema on Radio \u0160tudent, and currently a co-creator of the feminist radio programme \u2018Zdrmana\u2019 on the same station. She publishes in magazines such as Ekran and occasionally in daily newspapers, and is one of the co-creators and tutors of Ekran&#8217;s film criticism club \u2018Do zadnje besede\u2019. She also collaborates on Kinodvor&#8217;s Kinotrip and Kinobalon programmes for young audiences, while preparing numerous film education materials. Since 2022, she has been one of the programme curators in the Slovenian Cinematheque. She is a member of the programming team of the International Festival of Experimental Audiovisual Practices V-F-X Ljubljana.<\/p>\n\n\t\t<\/div>\n\t<\/div>\n<\/div><\/div><\/div><\/div><div class=\"vc_row wpb_row vc_inner vc_row-fluid jury-team-item\" ><div class=\"wpb_column vc_column_container vc_col-sm-3\"><div class=\"vc_column-inner\"><div class=\"wpb_wrapper\">\n\t<div  class=\"wpb_single_image wpb_content_element vc_align_left\">\n\t\t\n\t\t<figure class=\"wpb_wrapper vc_figure\">\n\t\t\t<div class=\"vc_single_image-wrapper vc_box_circle  vc_box_border_grey\"><img width=\"250\" height=\"250\" src=\"https:\/\/fsf.si\/2024\/wp-content\/uploads\/2024\/10\/suhadolnik.png\" class=\"vc_single_image-img attachment-full\" alt=\"\" loading=\"lazy\" srcset=\"https:\/\/fsf.si\/2024\/wp-content\/uploads\/2024\/10\/suhadolnik.png 250w, https:\/\/fsf.si\/2024\/wp-content\/uploads\/2024\/10\/suhadolnik-150x150.png 150w\" sizes=\"(max-width: 250px) 100vw, 250px\" \/><\/div>\n\t\t<\/figure>\n\t<\/div>\n<\/div><\/div><\/div><div class=\"wpb_column vc_column_container vc_col-sm-9\"><div class=\"vc_column-inner\"><div class=\"wpb_wrapper\">\n\t<div class=\"wpb_text_column wpb_content_element \" >\n\t\t<div class=\"wpb_wrapper\">\n\t\t\t<h1>JASNA HRIBERNIK<\/h1>\n<h2>film director<\/h2>\n<p style=\"text-align: justify;\">Jasna Hribernik is a university-trained film director who has worked as a freelance filmmaker and multimedia artist since 1985. Her documentaries, which demonstrate a strong auteurist approach, have won several awards. In the early 1990s, Hribernik ventured into the field of video art, which allowed her to democratise images in motion and explore the different dimensions of the film medium. Research, experimentation, the interplay of different media and the search for answers to ontological questions have led her to the field of science and increasingly complex new media projects. Since 2012, she has worked as an associate professor at the School of Arts of the University of Nova Gorica.<\/p>\n\n\t\t<\/div>\n\t<\/div>\n<\/div><\/div><\/div><\/div><div class=\"vc_row wpb_row vc_inner vc_row-fluid jury-team-item\" ><div class=\"wpb_column vc_column_container vc_col-sm-3\"><div class=\"vc_column-inner\"><div class=\"wpb_wrapper\">\n\t<div  class=\"wpb_single_image wpb_content_element vc_align_left\">\n\t\t\n\t\t<figure class=\"wpb_wrapper vc_figure\">\n\t\t\t<div class=\"vc_single_image-wrapper vc_box_circle  vc_box_border_grey\"><img width=\"250\" height=\"250\" src=\"https:\/\/fsf.si\/2024\/wp-content\/uploads\/2024\/10\/seliskar.png\" class=\"vc_single_image-img attachment-full\" alt=\"\" loading=\"lazy\" srcset=\"https:\/\/fsf.si\/2024\/wp-content\/uploads\/2024\/10\/seliskar.png 250w, https:\/\/fsf.si\/2024\/wp-content\/uploads\/2024\/10\/seliskar-150x150.png 150w\" sizes=\"(max-width: 250px) 100vw, 250px\" \/><\/div>\n\t\t<\/figure>\n\t<\/div>\n<\/div><\/div><\/div><div class=\"wpb_column vc_column_container vc_col-sm-9\"><div class=\"vc_column-inner\"><div class=\"wpb_wrapper\">\n\t<div class=\"wpb_text_column wpb_content_element \" >\n\t\t<div class=\"wpb_wrapper\">\n\t\t\t<h1>PETRA SELI\u0160KAR<\/h1>\n<h2>film producer and director<\/h2>\n<p style=\"text-align: justify;\">Petra Seli\u0161kar (1978) is a director, producer, and screenwriter. She studied at the NFTA Netherlands Film and Television Academy in Amsterdam and earned a postgraduate degree in film directing and production at the Northern Media School in Sheffield. In 2003, she founded the production company Petra Pan Film, and in 2010 the MakeDox creative documentary film festival and a travelling cinema in Macedonia. She is the founder of the Doc around Europe festival network and the Make CoProDocs Forum. Seli\u0161kar has produced more than 20 international fiction and documentary films. She is a member of the European Film Academy and the DAE, the first Chair of the Directors Guild of Slovenia Documentary Section and a tutor in its Documentary Filmmaking Workshop. Her feature films Grandmothers of Revolution, Mother Europe, My World Is Upside Down, The Farewell, and Body have had successful international festival runs and won her numerous international awards.<\/p>\n\n\t\t<\/div>\n\t<\/div>\n<\/div><\/div><\/div><\/div><div class=\"vc_empty_space\"   style=\"height: 32px\"><span class=\"vc_empty_space_inner\"><\/span><\/div><\/div><\/div><\/div><\/div><div class=\"vc_row wpb_row vc_row-fluid\" ><div class=\"wpb_column vc_column_container vc_col-sm-12\"><div class=\"vc_column-inner\"><div class=\"wpb_wrapper\">\n\t<div class=\"wpb_text_column wpb_content_element \" >\n\t\t<div class=\"wpb_wrapper\">\n\t\t\t<h5>AUDIENCE AWARD<\/h5>\n<p>The best feature film as selected by the audience is decided directly by viewers casting their votes. The procedure is described in detail in the Rules of the Festival of Slovenian Film. The award goes to the producer.<\/p>\n<p>*************<\/p>\n<h5>Association of Slovenian Film Critics Award<\/h5>\n<p>The Fipresci Association of Slovenian Film Critics presents its award for best Slovenian feature film in the Official Competition of the Festival of Slovenian Film Portoro\u017e with the aim of providing additional promotion for cinema, particularly up-and-coming (young) talent.<\/p>\n<p>&nbsp;<\/p>\n<h5>Jury for the Association of Slovenian Film Critics Award<\/h5>\n<p><strong>Ma\u0161a Pe\u010de<\/strong> works as a film curator and writer, film festival producer, editor, and translator. She is a long-time collaborator of Kinodvor and the Slovenian Cinematheque with long experience of working for film festivals in Slovenia and internationally (Kino Otok, Animateka, City of Women, FSF, Karlovy Vary, SLASH Fantastic Film Festival in Vienna). Her articles on film have been published in Ekran, KINO!, Kinote\u010dnik, in the Croatian film magazine Filmonaut and the Australian online magazine Senses of Cinema. Since 2014, she has curated the Erotic Film Night programme \u2018Kinosloga. Retrosex.\u2019 at Kinodvor, Ljubljana. Between 2014 and 2024 she was the Programme Director and Producer of the \u2018Kurja Polt\u2019 genre film festival. She is a member of the editorial board of Ekran magazine.<\/p>\n<p>&nbsp;<\/p>\n<p><strong>Varja Mo\u010dnik<\/strong> graduated in film and TV directing from AGRFT, Ljubljana. In 2003-2006, she worked with the Slovenian Cinematheque as an assistant programme manager. It was then that she started writing and translating texts on film. She worked with the Cinematheque again as a curator of the film programme in 2014-2022 and continues to work with them in various capacities today. She has worked for the Kino Otok &#8211; Isola Cinema film festival in various capacities since its first edition, becoming the main programmer in 2013, a position she has held ever since. In recent years, she has been involved in various film education programmes. Since 2020, she has worked as a lecturer in film history and theory at the School of Arts of the University of Nova Gorica.<\/p>\n<p>&nbsp;<\/p>\n<p><strong>Kristian Bo\u017eak Kav\u010di\u010d<\/strong> works as a film writer, editor, and educator. He graduated in film and TV editing from AGRFT, Ljubljana. For his graduation film, he and his fellow directing and cinematography students received the university&#8217;s Pre\u0161eren Award, and the film was selected for the Cin\u00e9fondation section of the 73rd Cannes Film Festival. As an editor, Bo\u017eak Kav\u010di\u010d has worked on short films about film professions (produced by the Slovenian Federation of Filmmakers&#8217; Guilds), and in 2022, he was one of the editors of the documentary LGBT_SLO_1984. He earned a master&#8217;s degree in film and television studies (AGRFT) with a thesis on the protection of film heritage in Slovenia and sustainability. In the last year of his studies, he was a scholarship holder of the Milan Lenar\u010di\u010d University Foundation. Bo\u017eak Kav\u010di\u010d has been an assistant and tutor at several film criticism workshops and runs a film criticism club at the Be\u017eigrad High School. His articles, including a peer-reviewed original scientific paper, have been published in KINO!, as well as Ekran magazine. In 2023, he received the Nika Bohinc Award for best theoretical essay.<\/p>\n<p>&nbsp;<\/p>\n<h5>Slovenian Art Cinema Association Award<\/h5>\n<p>The award presented by AKMS, an association that brings together arthouse film exhibitors, supports the screening and promotion of the award-winning feature film in 28 cinemas across Slovenia. The jurors for the 2024 award are: <strong>Suzana Kokalj<\/strong> (Mestni kino Dom\u017eale), <strong>Vesna Teli\u010d Kova\u010d <\/strong>(Kulturni dom Cerknica), and<strong> Uro\u0161 Zavodnik <\/strong>(Kino Slovenj Gradec \/ Kulturni dom Slovenj Gradec).<\/p>\n<p>&nbsp;<\/p>\n<p><strong>Suzana Kokalj<\/strong> (1987) studied art history at the Faculty of Arts in Ljubljana and multimedia production at the Institute and Academy of Multimedia, graduating from both programmes with a thesis on cinema. She worked in various production roles (RTV, Studio Siposh, RAW, IRE Studios), before joining the team of the Dom\u017eale City Cinema in 2023. Her biggest passion, screenwriting, has led her from participating at the Hypewriter Pitching Forum in Budapest to presenting her project at the TV Beats Co-Financing Market as part of the 26th Tallinn Black Nights Film Festival.<\/p>\n<p>&nbsp;<\/p>\n<p><strong>Vesna Teli\u010d Kova\u010d<\/strong> studied comparative literature at the Faculty of Arts in Ljubljana. During her studies, she was one of the first members of the Kinopolis film club at the then newly founded Slovenian Cinematheque, after developing a passion for cinema thanks to her high school art education professor with the film <em>Wings of Desire<\/em>. Teli\u010d Kova\u010d has been a long-time collaborator of the Cerknica House of Culture, where a regional cinema has been established to screen quality arthouse films, hosting Q&amp;As with filmmakers, highlighting selected gems of local and foreign cinema, and popularising and advancing film culture in the Notranjska region. She also works on literary events, music concerts, exhibitions and talks with various guests.<\/p>\n<p>&nbsp;<\/p>\n<p><strong>Uro\u0161 Zavodnik<\/strong> is a freelance artist, film director, screenwriter, and actor who has made a number of fiction and documentary films. He graduated in film art from AAU, Klagenfurt, and obtained a PhD from AAU and AGRFT, Ljubljana. He is a member of the Vajevec Brothers Actor Studio. A poet, photographer, and former musician, Zavodnik teaches film and photography as an assistant professor for Visual Art \u2013 Film and Photography at the University of Primorska, University of Maribor and the AMEU Dance Academy. He is a long-time collaborator of the Art Cinema Association of Slovenia, more precisely the Slovenj Gradec Cinema, in film education programmes for audiences of all ages.<\/p>\n\n\t\t<\/div>\n\t<\/div>\n<\/div><\/div><\/div><\/div>\n","protected":false},"excerpt":{"rendered":"Jury for feature films GORDAN MATI\u0106 screenwriter and director Gordan Mati\u0107 (1971) has a bachelor\u2019s degree from [...]","protected":false},"author":3,"featured_media":0,"parent":0,"menu_order":0,"comment_status":"closed","ping_status":"closed","template":"","meta":[],"acf":[],"yoast_head":"<!-- This site is optimized with the Yoast SEO plugin v19.7.1 - https:\/\/yoast.com\/wordpress\/plugins\/seo\/ -->\n<title>Jury - FSF<\/title>\n<meta name=\"robots\" content=\"index, follow, max-snippet:-1, max-image-preview:large, max-video-preview:-1\" \/>\n<link rel=\"canonical\" href=\"https:\/\/fsf.si\/2024\/jury\/\" \/>\n<meta property=\"og:locale\" content=\"sl_SI\" \/>\n<meta property=\"og:type\" content=\"article\" \/>\n<meta property=\"og:title\" content=\"Jury - FSF\" \/>\n<meta property=\"og:url\" content=\"https:\/\/fsf.si\/2024\/en\/jury\/\" \/>\n<meta property=\"og:site_name\" content=\"FSF\" \/>\n<meta property=\"article:modified_time\" content=\"2024-10-25T13:40:55+00:00\" \/>\n<meta name=\"twitter:card\" content=\"summary_large_image\" \/>\n<meta name=\"twitter:label1\" content=\"Est. reading time\" \/>\n\t<meta name=\"twitter:data1\" content=\"10 minut\" \/>\n<script type=\"application\/ld+json\" class=\"yoast-schema-graph\">{\"@context\":\"https:\/\/schema.org\",\"@graph\":[{\"@type\":\"WebPage\",\"@id\":\"https:\/\/fsf.si\/2024\/en\/jury\/\",\"url\":\"https:\/\/fsf.si\/2024\/en\/jury\/\",\"name\":\"Jury - FSF\",\"isPartOf\":{\"@id\":\"https:\/\/fsf.si\/2024\/#website\"},\"datePublished\":\"2019-08-25T13:23:20+00:00\",\"dateModified\":\"2024-10-25T13:40:55+00:00\",\"breadcrumb\":{\"@id\":\"https:\/\/fsf.si\/2024\/en\/jury\/#breadcrumb\"},\"inLanguage\":\"sl-SI\",\"potentialAction\":[{\"@type\":\"ReadAction\",\"target\":[\"https:\/\/fsf.si\/2024\/en\/jury\/\"]}]},{\"@type\":\"BreadcrumbList\",\"@id\":\"https:\/\/fsf.si\/2024\/en\/jury\/#breadcrumb\",\"itemListElement\":[{\"@type\":\"ListItem\",\"position\":1,\"name\":\"Home\",\"item\":\"https:\/\/fsf.si\/2024\/\"},{\"@type\":\"ListItem\",\"position\":2,\"name\":\"Jury\"}]},{\"@type\":\"WebSite\",\"@id\":\"https:\/\/fsf.si\/2024\/#website\",\"url\":\"https:\/\/fsf.si\/2024\/\",\"name\":\"FSF\",\"description\":\"Festival Slovenskega Filma\",\"publisher\":{\"@id\":\"https:\/\/fsf.si\/2024\/#organization\"},\"potentialAction\":[{\"@type\":\"SearchAction\",\"target\":{\"@type\":\"EntryPoint\",\"urlTemplate\":\"https:\/\/fsf.si\/2024\/?s={search_term_string}\"},\"query-input\":\"required name=search_term_string\"}],\"inLanguage\":\"sl-SI\"},{\"@type\":\"Organization\",\"@id\":\"https:\/\/fsf.si\/2024\/#organization\",\"name\":\"Festival Slovenskega Filma\",\"url\":\"https:\/\/fsf.si\/2024\/\",\"sameAs\":[],\"logo\":{\"@type\":\"ImageObject\",\"inLanguage\":\"sl-SI\",\"@id\":\"https:\/\/fsf.si\/2024\/#\/schema\/logo\/image\/\",\"url\":\"https:\/\/fsf.si\/2024\/wp-content\/uploads\/2019\/06\/Slider-FSF.png\",\"contentUrl\":\"https:\/\/fsf.si\/2024\/wp-content\/uploads\/2019\/06\/Slider-FSF.png\",\"width\":4800,\"height\":1600,\"caption\":\"Festival Slovenskega Filma\"},\"image\":{\"@id\":\"https:\/\/fsf.si\/2024\/#\/schema\/logo\/image\/\"}}]}<\/script>\n<!-- \/ Yoast SEO plugin. -->","yoast_head_json":{"title":"Jury - FSF","robots":{"index":"index","follow":"follow","max-snippet":"max-snippet:-1","max-image-preview":"max-image-preview:large","max-video-preview":"max-video-preview:-1"},"canonical":"https:\/\/fsf.si\/2024\/jury\/","og_locale":"sl_SI","og_type":"article","og_title":"Jury - FSF","og_url":"https:\/\/fsf.si\/2024\/en\/jury\/","og_site_name":"FSF","article_modified_time":"2024-10-25T13:40:55+00:00","twitter_card":"summary_large_image","twitter_misc":{"Est. reading time":"10 minut"},"schema":{"@context":"https:\/\/schema.org","@graph":[{"@type":"WebPage","@id":"https:\/\/fsf.si\/2024\/en\/jury\/","url":"https:\/\/fsf.si\/2024\/en\/jury\/","name":"Jury - FSF","isPartOf":{"@id":"https:\/\/fsf.si\/2024\/#website"},"datePublished":"2019-08-25T13:23:20+00:00","dateModified":"2024-10-25T13:40:55+00:00","breadcrumb":{"@id":"https:\/\/fsf.si\/2024\/en\/jury\/#breadcrumb"},"inLanguage":"sl-SI","potentialAction":[{"@type":"ReadAction","target":["https:\/\/fsf.si\/2024\/en\/jury\/"]}]},{"@type":"BreadcrumbList","@id":"https:\/\/fsf.si\/2024\/en\/jury\/#breadcrumb","itemListElement":[{"@type":"ListItem","position":1,"name":"Home","item":"https:\/\/fsf.si\/2024\/"},{"@type":"ListItem","position":2,"name":"Jury"}]},{"@type":"WebSite","@id":"https:\/\/fsf.si\/2024\/#website","url":"https:\/\/fsf.si\/2024\/","name":"FSF","description":"Festival Slovenskega Filma","publisher":{"@id":"https:\/\/fsf.si\/2024\/#organization"},"potentialAction":[{"@type":"SearchAction","target":{"@type":"EntryPoint","urlTemplate":"https:\/\/fsf.si\/2024\/?s={search_term_string}"},"query-input":"required name=search_term_string"}],"inLanguage":"sl-SI"},{"@type":"Organization","@id":"https:\/\/fsf.si\/2024\/#organization","name":"Festival Slovenskega Filma","url":"https:\/\/fsf.si\/2024\/","sameAs":[],"logo":{"@type":"ImageObject","inLanguage":"sl-SI","@id":"https:\/\/fsf.si\/2024\/#\/schema\/logo\/image\/","url":"https:\/\/fsf.si\/2024\/wp-content\/uploads\/2019\/06\/Slider-FSF.png","contentUrl":"https:\/\/fsf.si\/2024\/wp-content\/uploads\/2019\/06\/Slider-FSF.png","width":4800,"height":1600,"caption":"Festival Slovenskega Filma"},"image":{"@id":"https:\/\/fsf.si\/2024\/#\/schema\/logo\/image\/"}}]}},"_links":{"self":[{"href":"https:\/\/fsf.si\/2024\/wp-json\/wp\/v2\/pages\/8025"}],"collection":[{"href":"https:\/\/fsf.si\/2024\/wp-json\/wp\/v2\/pages"}],"about":[{"href":"https:\/\/fsf.si\/2024\/wp-json\/wp\/v2\/types\/page"}],"author":[{"embeddable":true,"href":"https:\/\/fsf.si\/2024\/wp-json\/wp\/v2\/users\/3"}],"replies":[{"embeddable":true,"href":"https:\/\/fsf.si\/2024\/wp-json\/wp\/v2\/comments?post=8025"}],"version-history":[{"count":24,"href":"https:\/\/fsf.si\/2024\/wp-json\/wp\/v2\/pages\/8025\/revisions"}],"predecessor-version":[{"id":28959,"href":"https:\/\/fsf.si\/2024\/wp-json\/wp\/v2\/pages\/8025\/revisions\/28959"}],"wp:attachment":[{"href":"https:\/\/fsf.si\/2024\/wp-json\/wp\/v2\/media?parent=8025"}],"curies":[{"name":"wp","href":"https:\/\/api.w.org\/{rel}","templated":true}]}}