{"id":4649,"date":"2019-06-07T16:59:52","date_gmt":"2019-06-07T16:59:52","guid":{"rendered":"http:\/\/www.fsf.si\/2019\/?page_id=4649"},"modified":"2025-10-14T14:22:36","modified_gmt":"2025-10-14T12:22:36","slug":"vstopnice","status":"publish","type":"page","link":"https:\/\/fsf.si\/2025\/vstopnice\/","title":{"rendered":"Vstopnice"},"content":{"rendered":"<div class=\"vc_row wpb_row vc_row-fluid vc_custom_1633589245311\" ><div class=\"wpb_column vc_column_container vc_col-sm-12\"><div class=\"vc_column-inner\"><div class=\"wpb_wrapper\"><div class=\"vc_message_box vc_message_box-standard vc_message_box-rounded vc_color-success\" ><div class=\"vc_message_box-icon\"><i class=\"fas fa-info-circle\"><\/i><\/div><p><b>Vstopnice so \u017ee v prodaji. Spletna prodaja vstopnic: <a href=\"https:\/\/www.avditorij.si\/si\/koledar\" target=\"_blank\" rel=\"noopener\"><span style=\"text-decoration: underline;\">https:\/\/www.avditorij.si\/si\/koledar<\/span><\/a><\/b><\/p>\n<\/div><\/div><\/div><\/div><\/div><div class=\"vc_row wpb_row vc_row-fluid\" ><div class=\"wpb_column vc_column_container vc_col-sm-12\"><div class=\"vc_column-inner\"><div class=\"wpb_wrapper\">\n\t<div class=\"wpb_text_column wpb_content_element \" >\n\t\t<div class=\"wpb_wrapper\">\n\t\t\t<p><b>Cena vstopnic:<\/b><\/p>\n<p>&nbsp;<\/p>\n<table id=\"vstopnice\" width=\"100%\" cellspacing=\"0\">\n<tbody>\n<tr>\n<td>REDNA VSTOPNICA<\/td>\n<td>6,00 EUR <sup>1<\/sup><\/td>\n<\/tr>\n<tr>\n<td>OTROCI DO 14. LETA, DIJAKI, \u0160TUDENTJE, UPOKOJENCI,<br \/>\nBREZPOSELNI IN HENDIKEPIRANI NA INVALIDSKIH VOZI\u010cKIH<\/td>\n<td>5,00 EUR <sup>2<\/sup><\/td>\n<\/tr>\n<tr>\n<td>VSTOPNICA ZA POSEBNE PROJEKCIJE<\/td>\n<td>3,00 EUR<sup>3<\/sup><\/td>\n<\/tr>\n<tr>\n<td>PREBIVALCI OB\u010cINE PIRAN &#8211; FILMSKI EVRO<\/td>\n<td>2,00 EUR<sup>4<\/sup><\/td>\n<\/tr>\n<tr>\n<td>Z NAKUPOM TREH VSTOPNIC DOBI\u0160 \u010cETRTO ZASTONJ<\/td>\n<td>3+1<sup>5<\/sup><\/td>\n<\/tr>\n<\/tbody>\n<\/table>\n<p>&nbsp;<\/p>\n<div>\n<div id=\"z1\"><sup>1<\/sup>\u00a0\u00a0Velja za vse projekcije.<\/div>\n<div id=\"z2\"><sup>2<\/sup> Upokojenci uveljavljajo popust s kartico upokojenca ZPIZa , otroci z zdravstveno izkaznico, \u0161tudenti in dijaki s \u0161tudentsko oziroma dija\u0161ko izkaznico z nalepko za teko\u010de \u0161olsko leto ali indeksom. Brezposelni uveljavljajo popust z veljavnim potrdilom oz. odlo\u010dbo Zavoda RS za zaposlovanje, ki izkazuje status brezposelne osebe, in osebnim dokumentom. Spremljevalci hendikepiranih oseb imajo prost vstop.<\/div>\n<div><sup>3<\/sup> Popusti ne veljajo.<\/div>\n<div id=\"z3\"><sup>4<\/sup> Prevzem vstopnic za vse projekcije je mo\u017een pri blagajni Avditorija in Magazina Grando s predlo\u017eitvijo osebnega dokumenta.<\/div>\n<div><sup>5 <\/sup>Nakup vstopnic v akciji \u00bb\u010detrta zastonj\u00ab je mo\u017een samo pri nakupu vstopnic za isti film pri blagajni Avditorija Portoro\u017e.<\/div>\n<\/div>\n<p>&nbsp;<\/p>\n<h2>Filmski evro<\/h2>\n<p>Tudi v leto\u0161njem letu festival ohranja filmski evro, s katerim bomo \u0161tudentom filmskih smeri na ljubljanski Akademiji za gledali\u0161\u010de, radio, film in televizijo, Akademiji umetnosti Univerze v Novi Gorici in ljubljanski Akademiji za likovno umetnost in oblikovanje omogo\u010dili bivanje na festivalu. Da bi bili lahko na festivalu prisotni vse festivalske dni, se ob vsaki kupljeni ali prevzeti vstopnici nameni simboli\u010dni prispevek v vi\u0161ini 2 evrov. Filmski evro bo \u017ee v\u0161tet v ceno vstopnice. Ob prevzemu vstopnic ga bodo poravnali tudi akreditirani gostje, ob\u010dani ob\u010dine Piran ter povabljenci na otvoritveno in zaklju\u010dno slovesnost. Pla\u010dila bodo opro\u0161\u010deni le akreditirani novinarji, ki so na festivalskih projekcijah prisotni po slu\u017ebeni dol\u017enosti.<\/p>\n\n\t\t<\/div>\n\t<\/div>\n<\/div><\/div><\/div><\/div>\n","protected":false},"excerpt":{"rendered":"Vstopnice so \u017ee v prodaji. Spletna prodaja vstopnic: https:\/\/www.avditorij.si\/si\/koledar Cena vstopnic: &nbsp; REDNA VSTOPNICA 6,00 EUR 1 [...]","protected":false},"author":1,"featured_media":0,"parent":0,"menu_order":0,"comment_status":"closed","ping_status":"closed","template":"","meta":[],"acf":[],"yoast_head":"<!-- This site is optimized with the Yoast SEO plugin v19.7.1 - https:\/\/yoast.com\/wordpress\/plugins\/seo\/ -->\n<title>Vstopnice - FSF<\/title>\n<meta name=\"robots\" content=\"index, follow, max-snippet:-1, max-image-preview:large, max-video-preview:-1\" \/>\n<link rel=\"canonical\" href=\"https:\/\/fsf.si\/2025\/vstopnice\/\" \/>\n<meta property=\"og:locale\" content=\"sl_SI\" \/>\n<meta property=\"og:type\" content=\"article\" \/>\n<meta property=\"og:title\" content=\"Vstopnice - FSF\" \/>\n<meta property=\"og:url\" content=\"https:\/\/fsf.si\/2025\/vstopnice\/\" \/>\n<meta property=\"og:site_name\" content=\"FSF\" \/>\n<meta property=\"article:modified_time\" content=\"2025-10-14T12:22:36+00:00\" \/>\n<meta name=\"twitter:card\" content=\"summary_large_image\" \/>\n<meta name=\"twitter:label1\" content=\"Est. reading time\" \/>\n\t<meta name=\"twitter:data1\" content=\"2 minuti\" \/>\n<script type=\"application\/ld+json\" class=\"yoast-schema-graph\">{\"@context\":\"https:\/\/schema.org\",\"@graph\":[{\"@type\":\"WebPage\",\"@id\":\"https:\/\/fsf.si\/2025\/vstopnice\/\",\"url\":\"https:\/\/fsf.si\/2025\/vstopnice\/\",\"name\":\"Vstopnice - FSF\",\"isPartOf\":{\"@id\":\"https:\/\/fsf.si\/2025\/#website\"},\"datePublished\":\"2019-06-07T16:59:52+00:00\",\"dateModified\":\"2025-10-14T12:22:36+00:00\",\"breadcrumb\":{\"@id\":\"https:\/\/fsf.si\/2025\/vstopnice\/#breadcrumb\"},\"inLanguage\":\"sl-SI\",\"potentialAction\":[{\"@type\":\"ReadAction\",\"target\":[\"https:\/\/fsf.si\/2025\/vstopnice\/\"]}]},{\"@type\":\"BreadcrumbList\",\"@id\":\"https:\/\/fsf.si\/2025\/vstopnice\/#breadcrumb\",\"itemListElement\":[{\"@type\":\"ListItem\",\"position\":1,\"name\":\"Home\",\"item\":\"https:\/\/fsf.si\/2025\/\"},{\"@type\":\"ListItem\",\"position\":2,\"name\":\"Vstopnice\"}]},{\"@type\":\"WebSite\",\"@id\":\"https:\/\/fsf.si\/2025\/#website\",\"url\":\"https:\/\/fsf.si\/2025\/\",\"name\":\"FSF\",\"description\":\"Festival Slovenskega Filma\",\"publisher\":{\"@id\":\"https:\/\/fsf.si\/2025\/#organization\"},\"potentialAction\":[{\"@type\":\"SearchAction\",\"target\":{\"@type\":\"EntryPoint\",\"urlTemplate\":\"https:\/\/fsf.si\/2025\/?s={search_term_string}\"},\"query-input\":\"required name=search_term_string\"}],\"inLanguage\":\"sl-SI\"},{\"@type\":\"Organization\",\"@id\":\"https:\/\/fsf.si\/2025\/#organization\",\"name\":\"Festival Slovenskega Filma\",\"url\":\"https:\/\/fsf.si\/2025\/\",\"sameAs\":[],\"logo\":{\"@type\":\"ImageObject\",\"inLanguage\":\"sl-SI\",\"@id\":\"https:\/\/fsf.si\/2025\/#\/schema\/logo\/image\/\",\"url\":\"https:\/\/fsf.si\/2025\/wp-content\/uploads\/2019\/06\/Slider-FSF.png\",\"contentUrl\":\"https:\/\/fsf.si\/2025\/wp-content\/uploads\/2019\/06\/Slider-FSF.png\",\"width\":4800,\"height\":1600,\"caption\":\"Festival Slovenskega Filma\"},\"image\":{\"@id\":\"https:\/\/fsf.si\/2025\/#\/schema\/logo\/image\/\"}}]}<\/script>\n<!-- \/ Yoast SEO plugin. -->","yoast_head_json":{"title":"Vstopnice - FSF","robots":{"index":"index","follow":"follow","max-snippet":"max-snippet:-1","max-image-preview":"max-image-preview:large","max-video-preview":"max-video-preview:-1"},"canonical":"https:\/\/fsf.si\/2025\/vstopnice\/","og_locale":"sl_SI","og_type":"article","og_title":"Vstopnice - FSF","og_url":"https:\/\/fsf.si\/2025\/vstopnice\/","og_site_name":"FSF","article_modified_time":"2025-10-14T12:22:36+00:00","twitter_card":"summary_large_image","twitter_misc":{"Est. reading time":"2 minuti"},"schema":{"@context":"https:\/\/schema.org","@graph":[{"@type":"WebPage","@id":"https:\/\/fsf.si\/2025\/vstopnice\/","url":"https:\/\/fsf.si\/2025\/vstopnice\/","name":"Vstopnice - FSF","isPartOf":{"@id":"https:\/\/fsf.si\/2025\/#website"},"datePublished":"2019-06-07T16:59:52+00:00","dateModified":"2025-10-14T12:22:36+00:00","breadcrumb":{"@id":"https:\/\/fsf.si\/2025\/vstopnice\/#breadcrumb"},"inLanguage":"sl-SI","potentialAction":[{"@type":"ReadAction","target":["https:\/\/fsf.si\/2025\/vstopnice\/"]}]},{"@type":"BreadcrumbList","@id":"https:\/\/fsf.si\/2025\/vstopnice\/#breadcrumb","itemListElement":[{"@type":"ListItem","position":1,"name":"Home","item":"https:\/\/fsf.si\/2025\/"},{"@type":"ListItem","position":2,"name":"Vstopnice"}]},{"@type":"WebSite","@id":"https:\/\/fsf.si\/2025\/#website","url":"https:\/\/fsf.si\/2025\/","name":"FSF","description":"Festival Slovenskega Filma","publisher":{"@id":"https:\/\/fsf.si\/2025\/#organization"},"potentialAction":[{"@type":"SearchAction","target":{"@type":"EntryPoint","urlTemplate":"https:\/\/fsf.si\/2025\/?s={search_term_string}"},"query-input":"required name=search_term_string"}],"inLanguage":"sl-SI"},{"@type":"Organization","@id":"https:\/\/fsf.si\/2025\/#organization","name":"Festival Slovenskega Filma","url":"https:\/\/fsf.si\/2025\/","sameAs":[],"logo":{"@type":"ImageObject","inLanguage":"sl-SI","@id":"https:\/\/fsf.si\/2025\/#\/schema\/logo\/image\/","url":"https:\/\/fsf.si\/2025\/wp-content\/uploads\/2019\/06\/Slider-FSF.png","contentUrl":"https:\/\/fsf.si\/2025\/wp-content\/uploads\/2019\/06\/Slider-FSF.png","width":4800,"height":1600,"caption":"Festival Slovenskega Filma"},"image":{"@id":"https:\/\/fsf.si\/2025\/#\/schema\/logo\/image\/"}}]}},"_links":{"self":[{"href":"https:\/\/fsf.si\/2025\/wp-json\/wp\/v2\/pages\/4649"}],"collection":[{"href":"https:\/\/fsf.si\/2025\/wp-json\/wp\/v2\/pages"}],"about":[{"href":"https:\/\/fsf.si\/2025\/wp-json\/wp\/v2\/types\/page"}],"author":[{"embeddable":true,"href":"https:\/\/fsf.si\/2025\/wp-json\/wp\/v2\/users\/1"}],"replies":[{"embeddable":true,"href":"https:\/\/fsf.si\/2025\/wp-json\/wp\/v2\/comments?post=4649"}],"version-history":[{"count":74,"href":"https:\/\/fsf.si\/2025\/wp-json\/wp\/v2\/pages\/4649\/revisions"}],"predecessor-version":[{"id":31643,"href":"https:\/\/fsf.si\/2025\/wp-json\/wp\/v2\/pages\/4649\/revisions\/31643"}],"wp:attachment":[{"href":"https:\/\/fsf.si\/2025\/wp-json\/wp\/v2\/media?parent=4649"}],"curies":[{"name":"wp","href":"https:\/\/api.w.org\/{rel}","templated":true}]}}